{"id":14035,"date":"2024-10-07T15:08:05","date_gmt":"2024-10-07T13:08:05","guid":{"rendered":"https:\/\/www.ceab.csic.es\/agenda\/estrena-del-curtmetratge-soc-aigua\/"},"modified":"2024-10-21T15:17:48","modified_gmt":"2024-10-21T13:17:48","slug":"estrena-del-curtmetratge-soc-aigua","status":"publish","type":"agenda","link":"https:\/\/www.ceab.csic.es\/en\/whats-on\/estrena-del-curtmetratge-soc-aigua\/","title":{"rendered":"Premiere &#8220;SOC AIGUA&#8221;"},"content":{"rendered":"<h4>This Friday, October 25, at 6 p.m. and at the Girona House of Culture, the animated short film &#8220;SOC AIGUA&#8221; will premiere, which has had the collaboration of the CEAB-CSIC researchers, Anna Lupon, Susana Bernal and N\u00faria Catal\u00e1n.<\/h4>\n<p>The film, funded by the FCRI (Joan Or\u00f3 Call 2024), is the result of the collaboration of the creative team (Gemma Sanz, Roser Cuss\u00f3 and La Cancan) with the scientific team of the Gender and Science group of the Iberian Association of Limnology (AIL) .<\/p>\n<p>&#8220;SOC AIGUA&#8221; talks about the impacts of climate change on freshwater ecosystems and its consequences for girls and women. Does it with a colorful style and with language suitable for children. It accompanies us to observe vulnerability to the climate emergency, the ecofeminist perspective, drought and floods, salinization, eutrophication, pollution, loss of biodiversity, and water as an energy resource.<\/p>\n<p>The event will feature the creators of the short, as well as the scientific staff who have prepared the material on which it is based and have collaborated on the script.<\/p>\n<p><strong><a href=\"https:\/\/www.casadecultura.org\/detall\/37018\/projeccio-del-curtmetratge-soc-aigua-\">+ info, in this link<\/a>.<\/strong><\/p>\n","protected":false},"featured_media":14033,"template":"","meta":{"_acf_changed":false,"neve_meta_sidebar":"","neve_meta_container":"","neve_meta_enable_content_width":"","neve_meta_content_width":0,"neve_meta_title_alignment":"","neve_meta_author_avatar":"","neve_post_elements_order":"","neve_meta_disable_header":"","neve_meta_disable_footer":"","neve_meta_disable_title":""},"tipus-esdeveniment":[466],"class_list":["post-14035","agenda","type-agenda","status-publish","has-post-thumbnail","hentry","tipus-esdeveniment-events"],"acf":[],"yoast_head":"<!-- This site is optimized with the Yoast SEO plugin v24.6 - https:\/\/yoast.com\/wordpress\/plugins\/seo\/ -->\n<title>Premiere &quot;SOC AIGUA&quot; | CEAB<\/title>\n<meta name=\"robots\" content=\"index, follow, max-snippet:-1, max-image-preview:large, max-video-preview:-1\" \/>\n<link rel=\"canonical\" href=\"https:\/\/www.ceab.csic.es\/en\/whats-on\/estrena-del-curtmetratge-soc-aigua\/\" \/>\n<meta property=\"og:locale\" content=\"en_US\" \/>\n<meta property=\"og:type\" content=\"article\" \/>\n<meta property=\"og:title\" content=\"Premiere &quot;SOC AIGUA&quot; | CEAB\" \/>\n<meta property=\"og:description\" content=\"This Friday, October 25, at 6 p.m. and at the Girona House of Culture, the animated short film &#8220;SOC AIGUA&#8221; will premiere, which has had the collaboration of the CEAB-CSIC researchers, Anna Lupon, Susana Bernal and N\u00faria Catal\u00e1n. The film, funded by the FCRI (Joan Or\u00f3 Call 2024), is the result of the collaboration of&hellip;&nbsp;Premiere &#8220;SOC AIGUA&#8221;\" \/>\n<meta property=\"og:url\" content=\"https:\/\/www.ceab.csic.es\/en\/whats-on\/estrena-del-curtmetratge-soc-aigua\/\" \/>\n<meta property=\"og:site_name\" content=\"CEAB\" \/>\n<meta property=\"article:modified_time\" content=\"2024-10-21T13:17:48+00:00\" \/>\n<meta property=\"og:image\" content=\"https:\/\/www.ceab.csic.es\/wp-content\/uploads\/2024\/10\/expo-ecofeminismes.jpg\" \/>\n\t<meta property=\"og:image:width\" content=\"800\" \/>\n\t<meta property=\"og:image:height\" content=\"600\" \/>\n\t<meta property=\"og:image:type\" content=\"image\/jpeg\" \/>\n<meta name=\"twitter:card\" content=\"summary_large_image\" \/>\n<meta name=\"twitter:site\" content=\"@ceabcsic\" \/>\n<meta name=\"twitter:label1\" content=\"Est. reading time\" \/>\n\t<meta name=\"twitter:data1\" content=\"2 minutes\" \/>\n<script type=\"application\/ld+json\" class=\"yoast-schema-graph\">{\"@context\":\"https:\/\/schema.org\",\"@graph\":[{\"@type\":\"WebPage\",\"@id\":\"https:\/\/www.ceab.csic.es\/en\/whats-on\/estrena-del-curtmetratge-soc-aigua\/\",\"url\":\"https:\/\/www.ceab.csic.es\/en\/whats-on\/estrena-del-curtmetratge-soc-aigua\/\",\"name\":\"Premiere \\\"SOC AIGUA\\\" | CEAB\",\"isPartOf\":{\"@id\":\"https:\/\/www.ceab.csic.es\/en\/#website\"},\"primaryImageOfPage\":{\"@id\":\"https:\/\/www.ceab.csic.es\/en\/whats-on\/estrena-del-curtmetratge-soc-aigua\/#primaryimage\"},\"image\":{\"@id\":\"https:\/\/www.ceab.csic.es\/en\/whats-on\/estrena-del-curtmetratge-soc-aigua\/#primaryimage\"},\"thumbnailUrl\":\"https:\/\/www.ceab.csic.es\/wp-content\/uploads\/2024\/10\/expo-ecofeminismes.jpg\",\"datePublished\":\"2024-10-07T13:08:05+00:00\",\"dateModified\":\"2024-10-21T13:17:48+00:00\",\"breadcrumb\":{\"@id\":\"https:\/\/www.ceab.csic.es\/en\/whats-on\/estrena-del-curtmetratge-soc-aigua\/#breadcrumb\"},\"inLanguage\":\"en-US\",\"potentialAction\":[{\"@type\":\"ReadAction\",\"target\":[\"https:\/\/www.ceab.csic.es\/en\/whats-on\/estrena-del-curtmetratge-soc-aigua\/\"]}]},{\"@type\":\"ImageObject\",\"inLanguage\":\"en-US\",\"@id\":\"https:\/\/www.ceab.csic.es\/en\/whats-on\/estrena-del-curtmetratge-soc-aigua\/#primaryimage\",\"url\":\"https:\/\/www.ceab.csic.es\/wp-content\/uploads\/2024\/10\/expo-ecofeminismes.jpg\",\"contentUrl\":\"https:\/\/www.ceab.csic.es\/wp-content\/uploads\/2024\/10\/expo-ecofeminismes.jpg\",\"width\":800,\"height\":600,\"caption\":\"expo-ecofeminismes\"},{\"@type\":\"BreadcrumbList\",\"@id\":\"https:\/\/www.ceab.csic.es\/en\/whats-on\/estrena-del-curtmetratge-soc-aigua\/#breadcrumb\",\"itemListElement\":[{\"@type\":\"ListItem\",\"position\":1,\"name\":\"Inici\",\"item\":\"https:\/\/www.ceab.csic.es\/en\/\"},{\"@type\":\"ListItem\",\"position\":2,\"name\":\"Premiere &#8220;SOC AIGUA&#8221;\"}]},{\"@type\":\"WebSite\",\"@id\":\"https:\/\/www.ceab.csic.es\/en\/#website\",\"url\":\"https:\/\/www.ceab.csic.es\/en\/\",\"name\":\"CEAB\",\"description\":\"Centre Estudis Avan\u00e7ats de Blanes\",\"alternateName\":\"CEAB\",\"potentialAction\":[{\"@type\":\"SearchAction\",\"target\":{\"@type\":\"EntryPoint\",\"urlTemplate\":\"https:\/\/www.ceab.csic.es\/en\/?s={search_term_string}\"},\"query-input\":{\"@type\":\"PropertyValueSpecification\",\"valueRequired\":true,\"valueName\":\"search_term_string\"}}],\"inLanguage\":\"en-US\"}]}<\/script>\n<!-- \/ Yoast SEO plugin. -->","yoast_head_json":{"title":"Premiere \"SOC AIGUA\" | CEAB","robots":{"index":"index","follow":"follow","max-snippet":"max-snippet:-1","max-image-preview":"max-image-preview:large","max-video-preview":"max-video-preview:-1"},"canonical":"https:\/\/www.ceab.csic.es\/en\/whats-on\/estrena-del-curtmetratge-soc-aigua\/","og_locale":"en_US","og_type":"article","og_title":"Premiere \"SOC AIGUA\" | CEAB","og_description":"This Friday, October 25, at 6 p.m. and at the Girona House of Culture, the animated short film &#8220;SOC AIGUA&#8221; will premiere, which has had the collaboration of the CEAB-CSIC researchers, Anna Lupon, Susana Bernal and N\u00faria Catal\u00e1n. The film, funded by the FCRI (Joan Or\u00f3 Call 2024), is the result of the collaboration of&hellip;&nbsp;Premiere &#8220;SOC AIGUA&#8221;","og_url":"https:\/\/www.ceab.csic.es\/en\/whats-on\/estrena-del-curtmetratge-soc-aigua\/","og_site_name":"CEAB","article_modified_time":"2024-10-21T13:17:48+00:00","og_image":[{"width":800,"height":600,"url":"https:\/\/www.ceab.csic.es\/wp-content\/uploads\/2024\/10\/expo-ecofeminismes.jpg","type":"image\/jpeg"}],"twitter_card":"summary_large_image","twitter_site":"@ceabcsic","twitter_misc":{"Est. reading time":"2 minutes"},"schema":{"@context":"https:\/\/schema.org","@graph":[{"@type":"WebPage","@id":"https:\/\/www.ceab.csic.es\/en\/whats-on\/estrena-del-curtmetratge-soc-aigua\/","url":"https:\/\/www.ceab.csic.es\/en\/whats-on\/estrena-del-curtmetratge-soc-aigua\/","name":"Premiere \"SOC AIGUA\" | CEAB","isPartOf":{"@id":"https:\/\/www.ceab.csic.es\/en\/#website"},"primaryImageOfPage":{"@id":"https:\/\/www.ceab.csic.es\/en\/whats-on\/estrena-del-curtmetratge-soc-aigua\/#primaryimage"},"image":{"@id":"https:\/\/www.ceab.csic.es\/en\/whats-on\/estrena-del-curtmetratge-soc-aigua\/#primaryimage"},"thumbnailUrl":"https:\/\/www.ceab.csic.es\/wp-content\/uploads\/2024\/10\/expo-ecofeminismes.jpg","datePublished":"2024-10-07T13:08:05+00:00","dateModified":"2024-10-21T13:17:48+00:00","breadcrumb":{"@id":"https:\/\/www.ceab.csic.es\/en\/whats-on\/estrena-del-curtmetratge-soc-aigua\/#breadcrumb"},"inLanguage":"en-US","potentialAction":[{"@type":"ReadAction","target":["https:\/\/www.ceab.csic.es\/en\/whats-on\/estrena-del-curtmetratge-soc-aigua\/"]}]},{"@type":"ImageObject","inLanguage":"en-US","@id":"https:\/\/www.ceab.csic.es\/en\/whats-on\/estrena-del-curtmetratge-soc-aigua\/#primaryimage","url":"https:\/\/www.ceab.csic.es\/wp-content\/uploads\/2024\/10\/expo-ecofeminismes.jpg","contentUrl":"https:\/\/www.ceab.csic.es\/wp-content\/uploads\/2024\/10\/expo-ecofeminismes.jpg","width":800,"height":600,"caption":"expo-ecofeminismes"},{"@type":"BreadcrumbList","@id":"https:\/\/www.ceab.csic.es\/en\/whats-on\/estrena-del-curtmetratge-soc-aigua\/#breadcrumb","itemListElement":[{"@type":"ListItem","position":1,"name":"Inici","item":"https:\/\/www.ceab.csic.es\/en\/"},{"@type":"ListItem","position":2,"name":"Premiere &#8220;SOC AIGUA&#8221;"}]},{"@type":"WebSite","@id":"https:\/\/www.ceab.csic.es\/en\/#website","url":"https:\/\/www.ceab.csic.es\/en\/","name":"CEAB","description":"Centre Estudis Avan\u00e7ats de Blanes","alternateName":"CEAB","potentialAction":[{"@type":"SearchAction","target":{"@type":"EntryPoint","urlTemplate":"https:\/\/www.ceab.csic.es\/en\/?s={search_term_string}"},"query-input":{"@type":"PropertyValueSpecification","valueRequired":true,"valueName":"search_term_string"}}],"inLanguage":"en-US"}]}},"_links":{"self":[{"href":"https:\/\/www.ceab.csic.es\/en\/wp-json\/wp\/v2\/agenda\/14035","targetHints":{"allow":["GET"]}}],"collection":[{"href":"https:\/\/www.ceab.csic.es\/en\/wp-json\/wp\/v2\/agenda"}],"about":[{"href":"https:\/\/www.ceab.csic.es\/en\/wp-json\/wp\/v2\/types\/agenda"}],"wp:featuredmedia":[{"embeddable":true,"href":"https:\/\/www.ceab.csic.es\/en\/wp-json\/wp\/v2\/media\/14033"}],"wp:attachment":[{"href":"https:\/\/www.ceab.csic.es\/en\/wp-json\/wp\/v2\/media?parent=14035"}],"wp:term":[{"taxonomy":"tipus-esdeveniment","embeddable":true,"href":"https:\/\/www.ceab.csic.es\/en\/wp-json\/wp\/v2\/tipus-esdeveniment?post=14035"}],"curies":[{"name":"wp","href":"https:\/\/api.w.org\/{rel}","templated":true}]}}

<h4>This Friday, October 25, at 6 p.m. and at the Girona House of Culture, the animated short film &#8220;SOC AIGUA&#8221; will premiere, which has had the collaboration of the CEAB-CSIC researchers, Anna Lupon, Susana Bernal and Núria Catalán.</h4>
<p>The film, funded by the FCRI (Joan Oró Call 2024), is the result of the collaboration of the creative team (Gemma Sanz, Roser Cussó and La Cancan) with the scientific team of the Gender and Science group of the Iberian Association of Limnology (AIL) .</p>
<p>&#8220;SOC AIGUA&#8221; talks about the impacts of climate change on freshwater ecosystems and its consequences for girls and women. Does it with a colorful style and with language suitable for children. It accompanies us to observe vulnerability to the climate emergency, the ecofeminist perspective, drought and floods, salinization, eutrophication, pollution, loss of biodiversity, and water as an energy resource.</p>
<p>The event will feature the creators of the short, as well as the scientific staff who have prepared the material on which it is based and have collaborated on the script.</p>
<p><strong><a href="https://www.casadecultura.org/detall/37018/projeccio-del-curtmetratge-soc-aigua-">+ info, in this link</a>.</strong></p>

<!-- This site is optimized with the Yoast SEO plugin v24.6 - https://yoast.com/wordpress/plugins/seo/ -->
<title>Premiere &quot;SOC AIGUA&quot; | CEAB</title>
<meta name="robots" content="index, follow, max-snippet:-1, max-image-preview:large, max-video-preview:-1" />
<link rel="canonical" href="https://www.ceab.csic.es/en/whats-on/estrena-del-curtmetratge-soc-aigua/" />
<meta property="og:locale" content="en_US" />
<meta property="og:type" content="article" />
<meta property="og:title" content="Premiere &quot;SOC AIGUA&quot; | CEAB" />
<meta property="og:description" content="This Friday, October 25, at 6 p.m. and at the Girona House of Culture, the animated short film &#8220;SOC AIGUA&#8221; will premiere, which has had the collaboration of the CEAB-CSIC researchers, Anna Lupon, Susana Bernal and Núria Catalán. The film, funded by the FCRI (Joan Oró Call 2024), is the result of the collaboration of&hellip;&nbsp;Premiere &#8220;SOC AIGUA&#8221;" />
<meta property="og:url" content="https://www.ceab.csic.es/en/whats-on/estrena-del-curtmetratge-soc-aigua/" />
<meta property="og:site_name" content="CEAB" />
<meta property="article:modified_time" content="2024-10-21T13:17:48+00:00" />
<meta property="og:image" content="https://www.ceab.csic.es/wp-content/uploads/2024/10/expo-ecofeminismes.jpg" />
	<meta property="og:image:width" content="800" />
	<meta property="og:image:height" content="600" />
	<meta property="og:image:type" content="image/jpeg" />
<meta name="twitter:card" content="summary_large_image" />
<meta name="twitter:site" content="@ceabcsic" />
<meta name="twitter:label1" content="Est. reading time" />
	<meta name="twitter:data1" content="2 minutes" />
<script type="application/ld+json" class="yoast-schema-graph">{"@context":"https://schema.org","@graph":[{"@type":"WebPage","@id":"https://www.ceab.csic.es/en/whats-on/estrena-del-curtmetratge-soc-aigua/","url":"https://www.ceab.csic.es/en/whats-on/estrena-del-curtmetratge-soc-aigua/","name":"Premiere \"SOC AIGUA\" | CEAB","isPartOf":{"@id":"https://www.ceab.csic.es/en/#website"},"primaryImageOfPage":{"@id":"https://www.ceab.csic.es/en/whats-on/estrena-del-curtmetratge-soc-aigua/#primaryimage"},"image":{"@id":"https://www.ceab.csic.es/en/whats-on/estrena-del-curtmetratge-soc-aigua/#primaryimage"},"thumbnailUrl":"https://www.ceab.csic.es/wp-content/uploads/2024/10/expo-ecofeminismes.jpg","datePublished":"2024-10-07T13:08:05+00:00","dateModified":"2024-10-21T13:17:48+00:00","breadcrumb":{"@id":"https://www.ceab.csic.es/en/whats-on/estrena-del-curtmetratge-soc-aigua/#breadcrumb"},"inLanguage":"en-US","potentialAction":[{"@type":"ReadAction","target":["https://www.ceab.csic.es/en/whats-on/estrena-del-curtmetratge-soc-aigua/"]}]},{"@type":"ImageObject","inLanguage":"en-US","@id":"https://www.ceab.csic.es/en/whats-on/estrena-del-curtmetratge-soc-aigua/#primaryimage","url":"https://www.ceab.csic.es/wp-content/uploads/2024/10/expo-ecofeminismes.jpg","contentUrl":"https://www.ceab.csic.es/wp-content/uploads/2024/10/expo-ecofeminismes.jpg","width":800,"height":600,"caption":"expo-ecofeminismes"},{"@type":"BreadcrumbList","@id":"https://www.ceab.csic.es/en/whats-on/estrena-del-curtmetratge-soc-aigua/#breadcrumb","itemListElement":[{"@type":"ListItem","position":1,"name":"Inici","item":"https://www.ceab.csic.es/en/"},{"@type":"ListItem","position":2,"name":"Premiere &#8220;SOC AIGUA&#8221;"}]},{"@type":"WebSite","@id":"https://www.ceab.csic.es/en/#website","url":"https://www.ceab.csic.es/en/","name":"CEAB","description":"Centre Estudis Avançats de Blanes","alternateName":"CEAB","potentialAction":[{"@type":"SearchAction","target":{"@type":"EntryPoint","urlTemplate":"https://www.ceab.csic.es/en/?s={search_term_string}"},"query-input":{"@type":"PropertyValueSpecification","valueRequired":true,"valueName":"search_term_string"}}],"inLanguage":"en-US"}]}</script>
<!-- / Yoast SEO plugin. -->

This Friday, October 25, at 6 p.m. and at the Girona House of Culture, the animated short film &#8220;SOC AIGUA&#8221; will premiere, which has had the collaboration of the CEAB-CSIC researchers, Anna Lupon, Susana Bernal and Núria Catalán. The film, funded by the FCRI (Joan Oró Call 2024), is the result of the collaboration of&hellip;&nbsp;Premiere &#8220;SOC AIGUA&#8221;

Centre Estudis Avançats de Blanes
