{"id":14359,"date":"2024-11-11T12:40:11","date_gmt":"2024-11-11T11:40:11","guid":{"rendered":"https:\/\/www.ceab.csic.es\/agenda\/exposicio-especies-invasores-marines-lamenaca-silenciosa\/"},"modified":"2024-11-13T13:05:40","modified_gmt":"2024-11-13T12:05:40","slug":"exposicio-especies-invasores-marines-lamenaca-silenciosa","status":"publish","type":"agenda","link":"https:\/\/www.ceab.csic.es\/en\/whats-on\/exposicio-especies-invasores-marines-lamenaca-silenciosa\/","title":{"rendered":"Exposici\u00f3 &#8220;Esp\u00e8cies invasores marines, l&#8217;amena\u00e7a silenciosa&#8221;"},"content":{"rendered":"<p>From <strong>November 22 until June 8<\/strong>, 2025, you can visit, at the Mirador space of the <strong>Maritime Museum of Barcelona<\/strong>, the exhibition created jointly by the Museum and the Center for Advanced Studies of Blanes (CEAB-CSIC).<\/p>\n<p>It is open every day from 10 a.m. to 8 p.m., and <strong>admission is free<\/strong>.<\/p>\n<p>The exhibition highlights the impact of <strong>introduced species<\/strong> on Mediterranean marine ecosystems, a threat considered the second leading cause of marine biodiversity loss.<\/p>\n<p>Talks and other parallel events will also be held to raise awareness about this issue.<\/p>\n<p>You can check the schedule of <strong>parallel activities<\/strong> and find more information about the exhibition on the <a href=\"https:\/\/www.mmb.cat\/exposicions\/especies-invasores-marines\/\">Maritime Museum&#8217;s website<\/a>.<\/p>\n<p>&nbsp;<\/p>\n<p>&nbsp;<\/p>\n","protected":false},"featured_media":14357,"template":"","meta":{"_acf_changed":false,"neve_meta_sidebar":"","neve_meta_container":"","neve_meta_enable_content_width":"","neve_meta_content_width":0,"neve_meta_title_alignment":"","neve_meta_author_avatar":"","neve_post_elements_order":"","neve_meta_disable_header":"","neve_meta_disable_footer":"","neve_meta_disable_title":""},"tipus-esdeveniment":[466],"class_list":["post-14359","agenda","type-agenda","status-publish","has-post-thumbnail","hentry","tipus-esdeveniment-events"],"acf":[],"yoast_head":"<!-- This site is optimized with the Yoast SEO plugin v24.6 - https:\/\/yoast.com\/wordpress\/plugins\/seo\/ -->\n<title>Exposici\u00f3 &quot;Esp\u00e8cies invasores marines, l&#039;amena\u00e7a silenciosa&quot; | CEAB<\/title>\n<meta name=\"robots\" content=\"index, follow, max-snippet:-1, max-image-preview:large, max-video-preview:-1\" \/>\n<link rel=\"canonical\" href=\"https:\/\/www.ceab.csic.es\/en\/whats-on\/exposicio-especies-invasores-marines-lamenaca-silenciosa\/\" \/>\n<meta property=\"og:locale\" content=\"en_US\" \/>\n<meta property=\"og:type\" content=\"article\" \/>\n<meta property=\"og:title\" content=\"Exposici\u00f3 &quot;Esp\u00e8cies invasores marines, l&#039;amena\u00e7a silenciosa&quot; | CEAB\" \/>\n<meta property=\"og:description\" content=\"From November 22 until June 8, 2025, you can visit, at the Mirador space of the Maritime Museum of Barcelona, the exhibition created jointly by the Museum and the Center for Advanced Studies of Blanes (CEAB-CSIC). It is open every day from 10 a.m. to 8 p.m., and admission is free. The exhibition highlights the&hellip;&nbsp;Exposici\u00f3 &#8220;Esp\u00e8cies invasores marines, l&#8217;amena\u00e7a silenciosa&#8221;\" \/>\n<meta property=\"og:url\" content=\"https:\/\/www.ceab.csic.es\/en\/whats-on\/exposicio-especies-invasores-marines-lamenaca-silenciosa\/\" \/>\n<meta property=\"og:site_name\" content=\"CEAB\" \/>\n<meta property=\"article:modified_time\" content=\"2024-11-13T12:05:40+00:00\" \/>\n<meta property=\"og:image\" content=\"https:\/\/www.ceab.csic.es\/wp-content\/uploads\/2024\/11\/cartell-expo-mmb-especies-introduides.jpg\" \/>\n\t<meta property=\"og:image:width\" content=\"851\" \/>\n\t<meta property=\"og:image:height\" content=\"426\" \/>\n\t<meta property=\"og:image:type\" content=\"image\/jpeg\" \/>\n<meta name=\"twitter:card\" content=\"summary_large_image\" \/>\n<meta name=\"twitter:site\" content=\"@ceabcsic\" \/>\n<meta name=\"twitter:label1\" content=\"Est. reading time\" \/>\n\t<meta name=\"twitter:data1\" content=\"1 minute\" \/>\n<script type=\"application\/ld+json\" class=\"yoast-schema-graph\">{\"@context\":\"https:\/\/schema.org\",\"@graph\":[{\"@type\":\"WebPage\",\"@id\":\"https:\/\/www.ceab.csic.es\/en\/whats-on\/exposicio-especies-invasores-marines-lamenaca-silenciosa\/\",\"url\":\"https:\/\/www.ceab.csic.es\/en\/whats-on\/exposicio-especies-invasores-marines-lamenaca-silenciosa\/\",\"name\":\"Exposici\u00f3 \\\"Esp\u00e8cies invasores marines, l'amena\u00e7a silenciosa\\\" | CEAB\",\"isPartOf\":{\"@id\":\"https:\/\/www.ceab.csic.es\/en\/#website\"},\"primaryImageOfPage\":{\"@id\":\"https:\/\/www.ceab.csic.es\/en\/whats-on\/exposicio-especies-invasores-marines-lamenaca-silenciosa\/#primaryimage\"},\"image\":{\"@id\":\"https:\/\/www.ceab.csic.es\/en\/whats-on\/exposicio-especies-invasores-marines-lamenaca-silenciosa\/#primaryimage\"},\"thumbnailUrl\":\"https:\/\/www.ceab.csic.es\/wp-content\/uploads\/2024\/11\/cartell-expo-mmb-especies-introduides.jpg\",\"datePublished\":\"2024-11-11T11:40:11+00:00\",\"dateModified\":\"2024-11-13T12:05:40+00:00\",\"breadcrumb\":{\"@id\":\"https:\/\/www.ceab.csic.es\/en\/whats-on\/exposicio-especies-invasores-marines-lamenaca-silenciosa\/#breadcrumb\"},\"inLanguage\":\"en-US\",\"potentialAction\":[{\"@type\":\"ReadAction\",\"target\":[\"https:\/\/www.ceab.csic.es\/en\/whats-on\/exposicio-especies-invasores-marines-lamenaca-silenciosa\/\"]}]},{\"@type\":\"ImageObject\",\"inLanguage\":\"en-US\",\"@id\":\"https:\/\/www.ceab.csic.es\/en\/whats-on\/exposicio-especies-invasores-marines-lamenaca-silenciosa\/#primaryimage\",\"url\":\"https:\/\/www.ceab.csic.es\/wp-content\/uploads\/2024\/11\/cartell-expo-mmb-especies-introduides.jpg\",\"contentUrl\":\"https:\/\/www.ceab.csic.es\/wp-content\/uploads\/2024\/11\/cartell-expo-mmb-especies-introduides.jpg\",\"width\":851,\"height\":426},{\"@type\":\"BreadcrumbList\",\"@id\":\"https:\/\/www.ceab.csic.es\/en\/whats-on\/exposicio-especies-invasores-marines-lamenaca-silenciosa\/#breadcrumb\",\"itemListElement\":[{\"@type\":\"ListItem\",\"position\":1,\"name\":\"Inici\",\"item\":\"https:\/\/www.ceab.csic.es\/en\/\"},{\"@type\":\"ListItem\",\"position\":2,\"name\":\"Exposici\u00f3 &#8220;Esp\u00e8cies invasores marines, l&#8217;amena\u00e7a silenciosa&#8221;\"}]},{\"@type\":\"WebSite\",\"@id\":\"https:\/\/www.ceab.csic.es\/en\/#website\",\"url\":\"https:\/\/www.ceab.csic.es\/en\/\",\"name\":\"CEAB\",\"description\":\"Centre Estudis Avan\u00e7ats de Blanes\",\"alternateName\":\"CEAB\",\"potentialAction\":[{\"@type\":\"SearchAction\",\"target\":{\"@type\":\"EntryPoint\",\"urlTemplate\":\"https:\/\/www.ceab.csic.es\/en\/?s={search_term_string}\"},\"query-input\":{\"@type\":\"PropertyValueSpecification\",\"valueRequired\":true,\"valueName\":\"search_term_string\"}}],\"inLanguage\":\"en-US\"}]}<\/script>\n<!-- \/ Yoast SEO plugin. -->","yoast_head_json":{"title":"Exposici\u00f3 \"Esp\u00e8cies invasores marines, l'amena\u00e7a silenciosa\" | CEAB","robots":{"index":"index","follow":"follow","max-snippet":"max-snippet:-1","max-image-preview":"max-image-preview:large","max-video-preview":"max-video-preview:-1"},"canonical":"https:\/\/www.ceab.csic.es\/en\/whats-on\/exposicio-especies-invasores-marines-lamenaca-silenciosa\/","og_locale":"en_US","og_type":"article","og_title":"Exposici\u00f3 \"Esp\u00e8cies invasores marines, l'amena\u00e7a silenciosa\" | CEAB","og_description":"From November 22 until June 8, 2025, you can visit, at the Mirador space of the Maritime Museum of Barcelona, the exhibition created jointly by the Museum and the Center for Advanced Studies of Blanes (CEAB-CSIC). It is open every day from 10 a.m. to 8 p.m., and admission is free. The exhibition highlights the&hellip;&nbsp;Exposici\u00f3 &#8220;Esp\u00e8cies invasores marines, l&#8217;amena\u00e7a silenciosa&#8221;","og_url":"https:\/\/www.ceab.csic.es\/en\/whats-on\/exposicio-especies-invasores-marines-lamenaca-silenciosa\/","og_site_name":"CEAB","article_modified_time":"2024-11-13T12:05:40+00:00","og_image":[{"width":851,"height":426,"url":"https:\/\/www.ceab.csic.es\/wp-content\/uploads\/2024\/11\/cartell-expo-mmb-especies-introduides.jpg","type":"image\/jpeg"}],"twitter_card":"summary_large_image","twitter_site":"@ceabcsic","twitter_misc":{"Est. reading time":"1 minute"},"schema":{"@context":"https:\/\/schema.org","@graph":[{"@type":"WebPage","@id":"https:\/\/www.ceab.csic.es\/en\/whats-on\/exposicio-especies-invasores-marines-lamenaca-silenciosa\/","url":"https:\/\/www.ceab.csic.es\/en\/whats-on\/exposicio-especies-invasores-marines-lamenaca-silenciosa\/","name":"Exposici\u00f3 \"Esp\u00e8cies invasores marines, l'amena\u00e7a silenciosa\" | CEAB","isPartOf":{"@id":"https:\/\/www.ceab.csic.es\/en\/#website"},"primaryImageOfPage":{"@id":"https:\/\/www.ceab.csic.es\/en\/whats-on\/exposicio-especies-invasores-marines-lamenaca-silenciosa\/#primaryimage"},"image":{"@id":"https:\/\/www.ceab.csic.es\/en\/whats-on\/exposicio-especies-invasores-marines-lamenaca-silenciosa\/#primaryimage"},"thumbnailUrl":"https:\/\/www.ceab.csic.es\/wp-content\/uploads\/2024\/11\/cartell-expo-mmb-especies-introduides.jpg","datePublished":"2024-11-11T11:40:11+00:00","dateModified":"2024-11-13T12:05:40+00:00","breadcrumb":{"@id":"https:\/\/www.ceab.csic.es\/en\/whats-on\/exposicio-especies-invasores-marines-lamenaca-silenciosa\/#breadcrumb"},"inLanguage":"en-US","potentialAction":[{"@type":"ReadAction","target":["https:\/\/www.ceab.csic.es\/en\/whats-on\/exposicio-especies-invasores-marines-lamenaca-silenciosa\/"]}]},{"@type":"ImageObject","inLanguage":"en-US","@id":"https:\/\/www.ceab.csic.es\/en\/whats-on\/exposicio-especies-invasores-marines-lamenaca-silenciosa\/#primaryimage","url":"https:\/\/www.ceab.csic.es\/wp-content\/uploads\/2024\/11\/cartell-expo-mmb-especies-introduides.jpg","contentUrl":"https:\/\/www.ceab.csic.es\/wp-content\/uploads\/2024\/11\/cartell-expo-mmb-especies-introduides.jpg","width":851,"height":426},{"@type":"BreadcrumbList","@id":"https:\/\/www.ceab.csic.es\/en\/whats-on\/exposicio-especies-invasores-marines-lamenaca-silenciosa\/#breadcrumb","itemListElement":[{"@type":"ListItem","position":1,"name":"Inici","item":"https:\/\/www.ceab.csic.es\/en\/"},{"@type":"ListItem","position":2,"name":"Exposici\u00f3 &#8220;Esp\u00e8cies invasores marines, l&#8217;amena\u00e7a silenciosa&#8221;"}]},{"@type":"WebSite","@id":"https:\/\/www.ceab.csic.es\/en\/#website","url":"https:\/\/www.ceab.csic.es\/en\/","name":"CEAB","description":"Centre Estudis Avan\u00e7ats de Blanes","alternateName":"CEAB","potentialAction":[{"@type":"SearchAction","target":{"@type":"EntryPoint","urlTemplate":"https:\/\/www.ceab.csic.es\/en\/?s={search_term_string}"},"query-input":{"@type":"PropertyValueSpecification","valueRequired":true,"valueName":"search_term_string"}}],"inLanguage":"en-US"}]}},"_links":{"self":[{"href":"https:\/\/www.ceab.csic.es\/en\/wp-json\/wp\/v2\/agenda\/14359","targetHints":{"allow":["GET"]}}],"collection":[{"href":"https:\/\/www.ceab.csic.es\/en\/wp-json\/wp\/v2\/agenda"}],"about":[{"href":"https:\/\/www.ceab.csic.es\/en\/wp-json\/wp\/v2\/types\/agenda"}],"wp:featuredmedia":[{"embeddable":true,"href":"https:\/\/www.ceab.csic.es\/en\/wp-json\/wp\/v2\/media\/14357"}],"wp:attachment":[{"href":"https:\/\/www.ceab.csic.es\/en\/wp-json\/wp\/v2\/media?parent=14359"}],"wp:term":[{"taxonomy":"tipus-esdeveniment","embeddable":true,"href":"https:\/\/www.ceab.csic.es\/en\/wp-json\/wp\/v2\/tipus-esdeveniment?post=14359"}],"curies":[{"name":"wp","href":"https:\/\/api.w.org\/{rel}","templated":true}]}}

Exposició &#8220;Espècies invasores marines, l&#8217;amenaça silenciosa&#8221;

<!-- This site is optimized with the Yoast SEO plugin v24.6 - https://yoast.com/wordpress/plugins/seo/ -->
<title>Exposició &quot;Espècies invasores marines, l&#039;amenaça silenciosa&quot; | CEAB</title>
<meta name="robots" content="index, follow, max-snippet:-1, max-image-preview:large, max-video-preview:-1" />
<link rel="canonical" href="https://www.ceab.csic.es/en/whats-on/exposicio-especies-invasores-marines-lamenaca-silenciosa/" />
<meta property="og:locale" content="en_US" />
<meta property="og:type" content="article" />
<meta property="og:title" content="Exposició &quot;Espècies invasores marines, l&#039;amenaça silenciosa&quot; | CEAB" />
<meta property="og:description" content="From November 22 until June 8, 2025, you can visit, at the Mirador space of the Maritime Museum of Barcelona, the exhibition created jointly by the Museum and the Center for Advanced Studies of Blanes (CEAB-CSIC). It is open every day from 10 a.m. to 8 p.m., and admission is free. The exhibition highlights the&hellip;&nbsp;Exposició &#8220;Espècies invasores marines, l&#8217;amenaça silenciosa&#8221;" />
<meta property="og:url" content="https://www.ceab.csic.es/en/whats-on/exposicio-especies-invasores-marines-lamenaca-silenciosa/" />
<meta property="og:site_name" content="CEAB" />
<meta property="article:modified_time" content="2024-11-13T12:05:40+00:00" />
<meta property="og:image" content="https://www.ceab.csic.es/wp-content/uploads/2024/11/cartell-expo-mmb-especies-introduides.jpg" />
	<meta property="og:image:width" content="851" />
	<meta property="og:image:height" content="426" />
	<meta property="og:image:type" content="image/jpeg" />
<meta name="twitter:card" content="summary_large_image" />
<meta name="twitter:site" content="@ceabcsic" />
<meta name="twitter:label1" content="Est. reading time" />
	<meta name="twitter:data1" content="1 minute" />
<script type="application/ld+json" class="yoast-schema-graph">{"@context":"https://schema.org","@graph":[{"@type":"WebPage","@id":"https://www.ceab.csic.es/en/whats-on/exposicio-especies-invasores-marines-lamenaca-silenciosa/","url":"https://www.ceab.csic.es/en/whats-on/exposicio-especies-invasores-marines-lamenaca-silenciosa/","name":"Exposició \"Espècies invasores marines, l'amenaça silenciosa\" | CEAB","isPartOf":{"@id":"https://www.ceab.csic.es/en/#website"},"primaryImageOfPage":{"@id":"https://www.ceab.csic.es/en/whats-on/exposicio-especies-invasores-marines-lamenaca-silenciosa/#primaryimage"},"image":{"@id":"https://www.ceab.csic.es/en/whats-on/exposicio-especies-invasores-marines-lamenaca-silenciosa/#primaryimage"},"thumbnailUrl":"https://www.ceab.csic.es/wp-content/uploads/2024/11/cartell-expo-mmb-especies-introduides.jpg","datePublished":"2024-11-11T11:40:11+00:00","dateModified":"2024-11-13T12:05:40+00:00","breadcrumb":{"@id":"https://www.ceab.csic.es/en/whats-on/exposicio-especies-invasores-marines-lamenaca-silenciosa/#breadcrumb"},"inLanguage":"en-US","potentialAction":[{"@type":"ReadAction","target":["https://www.ceab.csic.es/en/whats-on/exposicio-especies-invasores-marines-lamenaca-silenciosa/"]}]},{"@type":"ImageObject","inLanguage":"en-US","@id":"https://www.ceab.csic.es/en/whats-on/exposicio-especies-invasores-marines-lamenaca-silenciosa/#primaryimage","url":"https://www.ceab.csic.es/wp-content/uploads/2024/11/cartell-expo-mmb-especies-introduides.jpg","contentUrl":"https://www.ceab.csic.es/wp-content/uploads/2024/11/cartell-expo-mmb-especies-introduides.jpg","width":851,"height":426},{"@type":"BreadcrumbList","@id":"https://www.ceab.csic.es/en/whats-on/exposicio-especies-invasores-marines-lamenaca-silenciosa/#breadcrumb","itemListElement":[{"@type":"ListItem","position":1,"name":"Inici","item":"https://www.ceab.csic.es/en/"},{"@type":"ListItem","position":2,"name":"Exposició &#8220;Espècies invasores marines, l&#8217;amenaça silenciosa&#8221;"}]},{"@type":"WebSite","@id":"https://www.ceab.csic.es/en/#website","url":"https://www.ceab.csic.es/en/","name":"CEAB","description":"Centre Estudis Avançats de Blanes","alternateName":"CEAB","potentialAction":[{"@type":"SearchAction","target":{"@type":"EntryPoint","urlTemplate":"https://www.ceab.csic.es/en/?s={search_term_string}"},"query-input":{"@type":"PropertyValueSpecification","valueRequired":true,"valueName":"search_term_string"}}],"inLanguage":"en-US"}]}</script>
<!-- / Yoast SEO plugin. -->

Exposició "Espècies invasores marines, l'amenaça silenciosa" | CEAB

From November 22 until June 8, 2025, you can visit, at the Mirador space of the Maritime Museum of Barcelona, the exhibition created jointly by the Museum and the Center for Advanced Studies of Blanes (CEAB-CSIC). It is open every day from 10 a.m. to 8 p.m., and admission is free. The exhibition highlights the&hellip;&nbsp;Exposició &#8220;Espècies invasores marines, l&#8217;amenaça silenciosa&#8221;

Centre Estudis Avançats de Blanes
