{"id":18314,"date":"2026-01-12T15:23:19","date_gmt":"2026-01-12T14:23:19","guid":{"rendered":"https:\/\/www.ceab.csic.es\/?post_type=agenda&#038;p=18314"},"modified":"2026-01-12T15:28:12","modified_gmt":"2026-01-12T14:28:12","slug":"jornada-anual-prismatic-sobre-les-especies-invasores","status":"publish","type":"agenda","link":"https:\/\/www.ceab.csic.es\/es\/agenda\/jornada-anual-prismatic-sobre-les-especies-invasores\/","title":{"rendered":"Jornada anual Prism\u00e1tic: especies invasoras"},"content":{"rendered":"<h4 data-start=\"86\" data-end=\"484\">Este 20 de enero, de 10:00 a 13:30 h, se celebra la jornada anual de <strong data-start=\"155\" data-end=\"168\">Prism\u00e1tic<\/strong> (la Plataforma de Conocimiento para la Gesti\u00f3n del Patrimonio Natural y la Biodiversidad). Este a\u00f1o se centra en las especies invasoras: en la prevenci\u00f3n, la gesti\u00f3n y la investigaci\u00f3n cient\u00edfica sobre esta tem\u00e1tica para una acci\u00f3n m\u00e1s eficaz. Una vez m\u00e1s, la jornada contar\u00e1 con personal de investigaci\u00f3n del <strong data-start=\"475\" data-end=\"483\">CEAB<\/strong>.<\/h4>\n<p data-start=\"486\" data-end=\"690\"><strong data-start=\"486\" data-end=\"502\">Mar\u00eda Garc\u00eda<\/strong>, investigadora del <strong data-start=\"522\" data-end=\"535\">CEAB-CSIC<\/strong> y de <strong data-start=\"541\" data-end=\"565\">Observadores del Mar<\/strong>, impartir\u00e1 la charla <em data-start=\"587\" data-end=\"689\">\u00abCuando el dato gu\u00eda la acci\u00f3n: seguimiento y gesti\u00f3n de macroalgas invasoras en el litoral catal\u00e1n\u00bb<\/em>.<\/p>\n<p data-start=\"692\" data-end=\"841\">El evento se celebrar\u00e1 en <strong>formato presencial, en el Distrito Administrativo de la Generalitat de Catalunya<\/strong> (Carrer del Foc, 57, 08038 Barcelona).<\/p>\n<p data-start=\"843\" data-end=\"896\">Pod\u00e9is consultar el <a href=\"https:\/\/www.creaf.cat\/sites\/default\/files\/2026-01\/Programa%20Jornada%20Prism\u00e0tic%202025_0.pdf\"><strong>programa completo en este enlace.<\/strong><\/a><\/p>\n<p data-start=\"898\" data-end=\"964\">Para asistir es necesaria <strong><a href=\"https:\/\/docs.google.com\/forms\/d\/e\/1FAIpQLSeEQ9WIonpAZeUnN4soUjd3fvjRlKsFmwzn33EeoghSjBY-Sg\/viewform\">inscripci\u00f3n previa. Pod\u00e9is hacerla aqu\u00ed<\/a>.<\/strong><\/p>\n<p>&nbsp;<\/p>\n","protected":false},"featured_media":9094,"template":"","meta":{"_acf_changed":false,"neve_meta_sidebar":"","neve_meta_container":"","neve_meta_enable_content_width":"","neve_meta_content_width":0,"neve_meta_title_alignment":"","neve_meta_author_avatar":"","neve_post_elements_order":"","neve_meta_disable_header":"","neve_meta_disable_footer":"","neve_meta_disable_title":""},"tipus-esdeveniment":[463,465],"class_list":["post-18314","agenda","type-agenda","status-publish","has-post-thumbnail","hentry","tipus-esdeveniment-destacado","tipus-esdeveniment-eventos"],"acf":[],"yoast_head":"<!-- This site is optimized with the Yoast SEO plugin v24.6 - https:\/\/yoast.com\/wordpress\/plugins\/seo\/ -->\n<title>Jornada anual Prism\u00e1tic: especies invasoras | CEAB<\/title>\n<meta name=\"robots\" content=\"index, follow, max-snippet:-1, max-image-preview:large, max-video-preview:-1\" \/>\n<link rel=\"canonical\" href=\"https:\/\/www.ceab.csic.es\/es\/agenda\/jornada-anual-prismatic-sobre-les-especies-invasores\/\" \/>\n<meta property=\"og:locale\" content=\"es_ES\" \/>\n<meta property=\"og:type\" content=\"article\" \/>\n<meta property=\"og:title\" content=\"Jornada anual Prism\u00e1tic: especies invasoras | CEAB\" \/>\n<meta property=\"og:description\" content=\"Este 20 de enero, de 10:00 a 13:30 h, se celebra la jornada anual de Prism\u00e1tic (la Plataforma de Conocimiento para la Gesti\u00f3n del Patrimonio Natural y la Biodiversidad). Este a\u00f1o se centra en las especies invasoras: en la prevenci\u00f3n, la gesti\u00f3n y la investigaci\u00f3n cient\u00edfica sobre esta tem\u00e1tica para una acci\u00f3n m\u00e1s eficaz. Una&hellip;&nbsp;Jornada anual Prism\u00e1tic: especies invasoras\" \/>\n<meta property=\"og:url\" content=\"https:\/\/www.ceab.csic.es\/es\/agenda\/jornada-anual-prismatic-sobre-les-especies-invasores\/\" \/>\n<meta property=\"og:site_name\" content=\"CEAB\" \/>\n<meta property=\"article:modified_time\" content=\"2026-01-12T14:28:12+00:00\" \/>\n<meta property=\"og:image\" content=\"https:\/\/www.ceab.csic.es\/wp-content\/uploads\/2024\/04\/Aspecte-de-lalga-sobre-els-blocs-de-les-piscines-del-Besos-al-Port-Forum.-Foto-Maria-Garcia-CEAB-CSIC.jpg\" \/>\n\t<meta property=\"og:image:width\" content=\"1500\" \/>\n\t<meta property=\"og:image:height\" content=\"1125\" \/>\n\t<meta property=\"og:image:type\" content=\"image\/jpeg\" \/>\n<meta name=\"twitter:card\" content=\"summary_large_image\" \/>\n<meta name=\"twitter:site\" content=\"@ceabcsic\" \/>\n<meta name=\"twitter:label1\" content=\"Tiempo de lectura\" \/>\n\t<meta name=\"twitter:data1\" content=\"1 minuto\" \/>\n<script type=\"application\/ld+json\" class=\"yoast-schema-graph\">{\"@context\":\"https:\/\/schema.org\",\"@graph\":[{\"@type\":\"WebPage\",\"@id\":\"https:\/\/www.ceab.csic.es\/es\/agenda\/jornada-anual-prismatic-sobre-les-especies-invasores\/\",\"url\":\"https:\/\/www.ceab.csic.es\/es\/agenda\/jornada-anual-prismatic-sobre-les-especies-invasores\/\",\"name\":\"Jornada anual Prism\u00e1tic: especies invasoras | CEAB\",\"isPartOf\":{\"@id\":\"https:\/\/www.ceab.csic.es\/es\/#website\"},\"primaryImageOfPage\":{\"@id\":\"https:\/\/www.ceab.csic.es\/es\/agenda\/jornada-anual-prismatic-sobre-les-especies-invasores\/#primaryimage\"},\"image\":{\"@id\":\"https:\/\/www.ceab.csic.es\/es\/agenda\/jornada-anual-prismatic-sobre-les-especies-invasores\/#primaryimage\"},\"thumbnailUrl\":\"https:\/\/www.ceab.csic.es\/wp-content\/uploads\/2024\/04\/Aspecte-de-lalga-sobre-els-blocs-de-les-piscines-del-Besos-al-Port-Forum.-Foto-Maria-Garcia-CEAB-CSIC.jpg\",\"datePublished\":\"2026-01-12T14:23:19+00:00\",\"dateModified\":\"2026-01-12T14:28:12+00:00\",\"breadcrumb\":{\"@id\":\"https:\/\/www.ceab.csic.es\/es\/agenda\/jornada-anual-prismatic-sobre-les-especies-invasores\/#breadcrumb\"},\"inLanguage\":\"es\",\"potentialAction\":[{\"@type\":\"ReadAction\",\"target\":[\"https:\/\/www.ceab.csic.es\/es\/agenda\/jornada-anual-prismatic-sobre-les-especies-invasores\/\"]}]},{\"@type\":\"ImageObject\",\"inLanguage\":\"es\",\"@id\":\"https:\/\/www.ceab.csic.es\/es\/agenda\/jornada-anual-prismatic-sobre-les-especies-invasores\/#primaryimage\",\"url\":\"https:\/\/www.ceab.csic.es\/wp-content\/uploads\/2024\/04\/Aspecte-de-lalga-sobre-els-blocs-de-les-piscines-del-Besos-al-Port-Forum.-Foto-Maria-Garcia-CEAB-CSIC.jpg\",\"contentUrl\":\"https:\/\/www.ceab.csic.es\/wp-content\/uploads\/2024\/04\/Aspecte-de-lalga-sobre-els-blocs-de-les-piscines-del-Besos-al-Port-Forum.-Foto-Maria-Garcia-CEAB-CSIC.jpg\",\"width\":1500,\"height\":1125,\"caption\":\"Fotograf\u00eda alga invasora. Barcelona. Autor\u00eda: Maria Garcia\/CEAB-CSIC\"},{\"@type\":\"BreadcrumbList\",\"@id\":\"https:\/\/www.ceab.csic.es\/es\/agenda\/jornada-anual-prismatic-sobre-les-especies-invasores\/#breadcrumb\",\"itemListElement\":[{\"@type\":\"ListItem\",\"position\":1,\"name\":\"Inici\",\"item\":\"https:\/\/www.ceab.csic.es\/es\/\"},{\"@type\":\"ListItem\",\"position\":2,\"name\":\"Jornada anual Prism\u00e1tic: especies invasoras\"}]},{\"@type\":\"WebSite\",\"@id\":\"https:\/\/www.ceab.csic.es\/es\/#website\",\"url\":\"https:\/\/www.ceab.csic.es\/es\/\",\"name\":\"CEAB\",\"description\":\"Centre Estudis Avan\u00e7ats de Blanes\",\"alternateName\":\"CEAB\",\"potentialAction\":[{\"@type\":\"SearchAction\",\"target\":{\"@type\":\"EntryPoint\",\"urlTemplate\":\"https:\/\/www.ceab.csic.es\/es\/?s={search_term_string}\"},\"query-input\":{\"@type\":\"PropertyValueSpecification\",\"valueRequired\":true,\"valueName\":\"search_term_string\"}}],\"inLanguage\":\"es\"}]}<\/script>\n<!-- \/ Yoast SEO plugin. -->","yoast_head_json":{"title":"Jornada anual Prism\u00e1tic: especies invasoras | CEAB","robots":{"index":"index","follow":"follow","max-snippet":"max-snippet:-1","max-image-preview":"max-image-preview:large","max-video-preview":"max-video-preview:-1"},"canonical":"https:\/\/www.ceab.csic.es\/es\/agenda\/jornada-anual-prismatic-sobre-les-especies-invasores\/","og_locale":"es_ES","og_type":"article","og_title":"Jornada anual Prism\u00e1tic: especies invasoras | CEAB","og_description":"Este 20 de enero, de 10:00 a 13:30 h, se celebra la jornada anual de Prism\u00e1tic (la Plataforma de Conocimiento para la Gesti\u00f3n del Patrimonio Natural y la Biodiversidad). Este a\u00f1o se centra en las especies invasoras: en la prevenci\u00f3n, la gesti\u00f3n y la investigaci\u00f3n cient\u00edfica sobre esta tem\u00e1tica para una acci\u00f3n m\u00e1s eficaz. Una&hellip;&nbsp;Jornada anual Prism\u00e1tic: especies invasoras","og_url":"https:\/\/www.ceab.csic.es\/es\/agenda\/jornada-anual-prismatic-sobre-les-especies-invasores\/","og_site_name":"CEAB","article_modified_time":"2026-01-12T14:28:12+00:00","og_image":[{"width":1500,"height":1125,"url":"https:\/\/www.ceab.csic.es\/wp-content\/uploads\/2024\/04\/Aspecte-de-lalga-sobre-els-blocs-de-les-piscines-del-Besos-al-Port-Forum.-Foto-Maria-Garcia-CEAB-CSIC.jpg","type":"image\/jpeg"}],"twitter_card":"summary_large_image","twitter_site":"@ceabcsic","twitter_misc":{"Tiempo de lectura":"1 minuto"},"schema":{"@context":"https:\/\/schema.org","@graph":[{"@type":"WebPage","@id":"https:\/\/www.ceab.csic.es\/es\/agenda\/jornada-anual-prismatic-sobre-les-especies-invasores\/","url":"https:\/\/www.ceab.csic.es\/es\/agenda\/jornada-anual-prismatic-sobre-les-especies-invasores\/","name":"Jornada anual Prism\u00e1tic: especies invasoras | CEAB","isPartOf":{"@id":"https:\/\/www.ceab.csic.es\/es\/#website"},"primaryImageOfPage":{"@id":"https:\/\/www.ceab.csic.es\/es\/agenda\/jornada-anual-prismatic-sobre-les-especies-invasores\/#primaryimage"},"image":{"@id":"https:\/\/www.ceab.csic.es\/es\/agenda\/jornada-anual-prismatic-sobre-les-especies-invasores\/#primaryimage"},"thumbnailUrl":"https:\/\/www.ceab.csic.es\/wp-content\/uploads\/2024\/04\/Aspecte-de-lalga-sobre-els-blocs-de-les-piscines-del-Besos-al-Port-Forum.-Foto-Maria-Garcia-CEAB-CSIC.jpg","datePublished":"2026-01-12T14:23:19+00:00","dateModified":"2026-01-12T14:28:12+00:00","breadcrumb":{"@id":"https:\/\/www.ceab.csic.es\/es\/agenda\/jornada-anual-prismatic-sobre-les-especies-invasores\/#breadcrumb"},"inLanguage":"es","potentialAction":[{"@type":"ReadAction","target":["https:\/\/www.ceab.csic.es\/es\/agenda\/jornada-anual-prismatic-sobre-les-especies-invasores\/"]}]},{"@type":"ImageObject","inLanguage":"es","@id":"https:\/\/www.ceab.csic.es\/es\/agenda\/jornada-anual-prismatic-sobre-les-especies-invasores\/#primaryimage","url":"https:\/\/www.ceab.csic.es\/wp-content\/uploads\/2024\/04\/Aspecte-de-lalga-sobre-els-blocs-de-les-piscines-del-Besos-al-Port-Forum.-Foto-Maria-Garcia-CEAB-CSIC.jpg","contentUrl":"https:\/\/www.ceab.csic.es\/wp-content\/uploads\/2024\/04\/Aspecte-de-lalga-sobre-els-blocs-de-les-piscines-del-Besos-al-Port-Forum.-Foto-Maria-Garcia-CEAB-CSIC.jpg","width":1500,"height":1125,"caption":"Fotograf\u00eda alga invasora. Barcelona. Autor\u00eda: Maria Garcia\/CEAB-CSIC"},{"@type":"BreadcrumbList","@id":"https:\/\/www.ceab.csic.es\/es\/agenda\/jornada-anual-prismatic-sobre-les-especies-invasores\/#breadcrumb","itemListElement":[{"@type":"ListItem","position":1,"name":"Inici","item":"https:\/\/www.ceab.csic.es\/es\/"},{"@type":"ListItem","position":2,"name":"Jornada anual Prism\u00e1tic: especies invasoras"}]},{"@type":"WebSite","@id":"https:\/\/www.ceab.csic.es\/es\/#website","url":"https:\/\/www.ceab.csic.es\/es\/","name":"CEAB","description":"Centre Estudis Avan\u00e7ats de Blanes","alternateName":"CEAB","potentialAction":[{"@type":"SearchAction","target":{"@type":"EntryPoint","urlTemplate":"https:\/\/www.ceab.csic.es\/es\/?s={search_term_string}"},"query-input":{"@type":"PropertyValueSpecification","valueRequired":true,"valueName":"search_term_string"}}],"inLanguage":"es"}]}},"_links":{"self":[{"href":"https:\/\/www.ceab.csic.es\/es\/wp-json\/wp\/v2\/agenda\/18314","targetHints":{"allow":["GET"]}}],"collection":[{"href":"https:\/\/www.ceab.csic.es\/es\/wp-json\/wp\/v2\/agenda"}],"about":[{"href":"https:\/\/www.ceab.csic.es\/es\/wp-json\/wp\/v2\/types\/agenda"}],"wp:featuredmedia":[{"embeddable":true,"href":"https:\/\/www.ceab.csic.es\/es\/wp-json\/wp\/v2\/media\/9094"}],"wp:attachment":[{"href":"https:\/\/www.ceab.csic.es\/es\/wp-json\/wp\/v2\/media?parent=18314"}],"wp:term":[{"taxonomy":"tipus-esdeveniment","embeddable":true,"href":"https:\/\/www.ceab.csic.es\/es\/wp-json\/wp\/v2\/tipus-esdeveniment?post=18314"}],"curies":[{"name":"wp","href":"https:\/\/api.w.org\/{rel}","templated":true}]}}

Jornada anual Prismátic: especies invasoras

<h4 data-start="86" data-end="484">Este 20 de enero, de 10:00 a 13:30 h, se celebra la jornada anual de <strong data-start="155" data-end="168">Prismátic</strong> (la Plataforma de Conocimiento para la Gestión del Patrimonio Natural y la Biodiversidad). Este año se centra en las especies invasoras: en la prevención, la gestión y la investigación científica sobre esta temática para una acción más eficaz. Una vez más, la jornada contará con personal de investigación del <strong data-start="475" data-end="483">CEAB</strong>.</h4>
<p data-start="486" data-end="690"><strong data-start="486" data-end="502">María García</strong>, investigadora del <strong data-start="522" data-end="535">CEAB-CSIC</strong> y de <strong data-start="541" data-end="565">Observadores del Mar</strong>, impartirá la charla <em data-start="587" data-end="689">«Cuando el dato guía la acción: seguimiento y gestión de macroalgas invasoras en el litoral catalán»</em>.</p>
<p data-start="692" data-end="841">El evento se celebrará en <strong>formato presencial, en el Distrito Administrativo de la Generalitat de Catalunya</strong> (Carrer del Foc, 57, 08038 Barcelona).</p>
<p data-start="843" data-end="896">Podéis consultar el <a href="https://www.creaf.cat/sites/default/files/2026-01/Programa%20Jornada%20Prismàtic%202025_0.pdf"><strong>programa completo en este enlace.</strong></a></p>
<p data-start="898" data-end="964">Para asistir es necesaria <strong><a href="https://docs.google.com/forms/d/e/1FAIpQLSeEQ9WIonpAZeUnN4soUjd3fvjRlKsFmwzn33EeoghSjBY-Sg/viewform">inscripción previa. Podéis hacerla aquí</a>.</strong></p>
<p>&nbsp;</p>

<!-- This site is optimized with the Yoast SEO plugin v24.6 - https://yoast.com/wordpress/plugins/seo/ -->
<title>Jornada anual Prismátic: especies invasoras | CEAB</title>
<meta name="robots" content="index, follow, max-snippet:-1, max-image-preview:large, max-video-preview:-1" />
<link rel="canonical" href="https://www.ceab.csic.es/es/agenda/jornada-anual-prismatic-sobre-les-especies-invasores/" />
<meta property="og:locale" content="es_ES" />
<meta property="og:type" content="article" />
<meta property="og:title" content="Jornada anual Prismátic: especies invasoras | CEAB" />
<meta property="og:description" content="Este 20 de enero, de 10:00 a 13:30 h, se celebra la jornada anual de Prismátic (la Plataforma de Conocimiento para la Gestión del Patrimonio Natural y la Biodiversidad). Este año se centra en las especies invasoras: en la prevención, la gestión y la investigación científica sobre esta temática para una acción más eficaz. Una&hellip;&nbsp;Jornada anual Prismátic: especies invasoras" />
<meta property="og:url" content="https://www.ceab.csic.es/es/agenda/jornada-anual-prismatic-sobre-les-especies-invasores/" />
<meta property="og:site_name" content="CEAB" />
<meta property="article:modified_time" content="2026-01-12T14:28:12+00:00" />
<meta property="og:image" content="https://www.ceab.csic.es/wp-content/uploads/2024/04/Aspecte-de-lalga-sobre-els-blocs-de-les-piscines-del-Besos-al-Port-Forum.-Foto-Maria-Garcia-CEAB-CSIC.jpg" />
	<meta property="og:image:width" content="1500" />
	<meta property="og:image:height" content="1125" />
	<meta property="og:image:type" content="image/jpeg" />
<meta name="twitter:card" content="summary_large_image" />
<meta name="twitter:site" content="@ceabcsic" />
<meta name="twitter:label1" content="Tiempo de lectura" />
	<meta name="twitter:data1" content="1 minuto" />
<script type="application/ld+json" class="yoast-schema-graph">{"@context":"https://schema.org","@graph":[{"@type":"WebPage","@id":"https://www.ceab.csic.es/es/agenda/jornada-anual-prismatic-sobre-les-especies-invasores/","url":"https://www.ceab.csic.es/es/agenda/jornada-anual-prismatic-sobre-les-especies-invasores/","name":"Jornada anual Prismátic: especies invasoras | CEAB","isPartOf":{"@id":"https://www.ceab.csic.es/es/#website"},"primaryImageOfPage":{"@id":"https://www.ceab.csic.es/es/agenda/jornada-anual-prismatic-sobre-les-especies-invasores/#primaryimage"},"image":{"@id":"https://www.ceab.csic.es/es/agenda/jornada-anual-prismatic-sobre-les-especies-invasores/#primaryimage"},"thumbnailUrl":"https://www.ceab.csic.es/wp-content/uploads/2024/04/Aspecte-de-lalga-sobre-els-blocs-de-les-piscines-del-Besos-al-Port-Forum.-Foto-Maria-Garcia-CEAB-CSIC.jpg","datePublished":"2026-01-12T14:23:19+00:00","dateModified":"2026-01-12T14:28:12+00:00","breadcrumb":{"@id":"https://www.ceab.csic.es/es/agenda/jornada-anual-prismatic-sobre-les-especies-invasores/#breadcrumb"},"inLanguage":"es","potentialAction":[{"@type":"ReadAction","target":["https://www.ceab.csic.es/es/agenda/jornada-anual-prismatic-sobre-les-especies-invasores/"]}]},{"@type":"ImageObject","inLanguage":"es","@id":"https://www.ceab.csic.es/es/agenda/jornada-anual-prismatic-sobre-les-especies-invasores/#primaryimage","url":"https://www.ceab.csic.es/wp-content/uploads/2024/04/Aspecte-de-lalga-sobre-els-blocs-de-les-piscines-del-Besos-al-Port-Forum.-Foto-Maria-Garcia-CEAB-CSIC.jpg","contentUrl":"https://www.ceab.csic.es/wp-content/uploads/2024/04/Aspecte-de-lalga-sobre-els-blocs-de-les-piscines-del-Besos-al-Port-Forum.-Foto-Maria-Garcia-CEAB-CSIC.jpg","width":1500,"height":1125,"caption":"Fotografía alga invasora. Barcelona. Autoría: Maria Garcia/CEAB-CSIC"},{"@type":"BreadcrumbList","@id":"https://www.ceab.csic.es/es/agenda/jornada-anual-prismatic-sobre-les-especies-invasores/#breadcrumb","itemListElement":[{"@type":"ListItem","position":1,"name":"Inici","item":"https://www.ceab.csic.es/es/"},{"@type":"ListItem","position":2,"name":"Jornada anual Prismátic: especies invasoras"}]},{"@type":"WebSite","@id":"https://www.ceab.csic.es/es/#website","url":"https://www.ceab.csic.es/es/","name":"CEAB","description":"Centre Estudis Avançats de Blanes","alternateName":"CEAB","potentialAction":[{"@type":"SearchAction","target":{"@type":"EntryPoint","urlTemplate":"https://www.ceab.csic.es/es/?s={search_term_string}"},"query-input":{"@type":"PropertyValueSpecification","valueRequired":true,"valueName":"search_term_string"}}],"inLanguage":"es"}]}</script>
<!-- / Yoast SEO plugin. -->

Jornada anual Prismátic: especies invasoras | CEAB

Este 20 de enero, de 10:00 a 13:30 h, se celebra la jornada anual de Prismátic (la Plataforma de Conocimiento para la Gestión del Patrimonio Natural y la Biodiversidad). Este año se centra en las especies invasoras: en la prevención, la gestión y la investigación científica sobre esta temática para una acción más eficaz. Una&hellip;&nbsp;Jornada anual Prismátic: especies invasoras

Fotografía alga invasora. Barcelona. Autoría: Maria Garcia/CEAB-CSIC

Centre Estudis Avançats de Blanes
