{"id":18716,"date":"2026-03-03T11:42:25","date_gmt":"2026-03-03T10:42:25","guid":{"rendered":"https:\/\/www.ceab.csic.es\/agenda\/acte-institucional-de-celebracio-dels-40-anys\/"},"modified":"2026-03-24T13:10:21","modified_gmt":"2026-03-24T12:10:21","slug":"acte-institucional-de-celebracio-dels-40-anys","status":"publish","type":"agenda","link":"https:\/\/www.ceab.csic.es\/es\/agenda\/acte-institucional-de-celebracio-dels-40-anys\/","title":{"rendered":"Acto institucional de celebraci\u00f3n de los 40 a\u00f1os"},"content":{"rendered":"<h4 data-start=\"104\" data-end=\"388\">El CEAB-CSIC contin\u00faa la celebraci\u00f3n de su 40\u00ba aniversario con actividades dirigidas a diversos colectivos. En esta ocasi\u00f3n, celebramos el acto institucional de la efem\u00e9ride, especialmente dirigido a las instituciones y entidades con las que hemos colaborado a lo largo de estos a\u00f1os.<\/h4>\n<p data-start=\"390\" data-end=\"551\">\ud83d\udcc5 2 de junio de 2026<br data-start=\"411\" data-end=\"414\" \/>\ud83d\udd5b A partir de las 11 h<br data-start=\"437\" data-end=\"440\" \/>\ud83d\udccd Centro de Estudios Avanzados de Blanes (CEAB-CSIC)<br data-start=\"493\" data-end=\"496\" \/>C\/ d\u2019acc\u00e9s a la Cala Sant Francesc, 14, Blanes (Girona)<\/p>\n<p data-start=\"553\" data-end=\"739\">El CEAB-CSIC celebra su 40\u00ba aniversario con un acto institucional bajo el lema \u201cDesde la alta monta\u00f1a hasta los fondos marinos. 40 a\u00f1os de investigaci\u00f3n cient\u00edfica en ecolog\u00eda acu\u00e1tica\u201d.<\/p>\n<p data-start=\"741\" data-end=\"898\">El programa incluir\u00e1 la bienvenida con autoridades y representantes del Centro y una mesa redonda sobre la trayectoria y las perspectivas de futuro del CEAB.<\/p>\n<p data-start=\"900\" data-end=\"1015\">Debido a la limitaci\u00f3n de aforo, la asistencia presencial solo es posible con invitaci\u00f3n o, para la comunidad del CEAB (miembros, ex-miembros, colaboradores), mediante <a href=\"https:\/\/encuestas.csic.es\/index.php\/925839?lang=ca\">inscripci\u00f3n previa<\/a>.<\/p>\n<p data-start=\"1017\" data-end=\"1164\">No obstante, todas las personas que deseen seguir el acto podr\u00e1n hacerlo a trav\u00e9s de la <a href=\"https:\/\/www.youtube.com\/@ceabcsic\"><strong>retransmisi\u00f3n en directo en el canal de YouTube del Centro<\/strong><\/a>.<\/p>\n","protected":false},"featured_media":18714,"template":"","meta":{"_acf_changed":false,"neve_meta_sidebar":"","neve_meta_container":"","neve_meta_enable_content_width":"","neve_meta_content_width":0,"neve_meta_title_alignment":"","neve_meta_author_avatar":"","neve_post_elements_order":"","neve_meta_disable_header":"","neve_meta_disable_footer":"","neve_meta_disable_title":""},"tipus-esdeveniment":[465],"class_list":["post-18716","agenda","type-agenda","status-publish","has-post-thumbnail","hentry","tipus-esdeveniment-eventos"],"acf":[],"yoast_head":"<!-- This site is optimized with the Yoast SEO plugin v24.6 - https:\/\/yoast.com\/wordpress\/plugins\/seo\/ -->\n<title>Acto institucional de celebraci\u00f3n de los 40 a\u00f1os | CEAB<\/title>\n<meta name=\"robots\" content=\"index, follow, max-snippet:-1, max-image-preview:large, max-video-preview:-1\" \/>\n<link rel=\"canonical\" href=\"https:\/\/www.ceab.csic.es\/es\/agenda\/acte-institucional-de-celebracio-dels-40-anys\/\" \/>\n<meta property=\"og:locale\" content=\"es_ES\" \/>\n<meta property=\"og:type\" content=\"article\" \/>\n<meta property=\"og:title\" content=\"Acto institucional de celebraci\u00f3n de los 40 a\u00f1os | CEAB\" \/>\n<meta property=\"og:description\" content=\"El CEAB-CSIC contin\u00faa la celebraci\u00f3n de su 40\u00ba aniversario con actividades dirigidas a diversos colectivos. En esta ocasi\u00f3n, celebramos el acto institucional de la efem\u00e9ride, especialmente dirigido a las instituciones y entidades con las que hemos colaborado a lo largo de estos a\u00f1os. \ud83d\udcc5 2 de junio de 2026\ud83d\udd5b A partir de las 11 h\ud83d\udccd&hellip;&nbsp;Acto institucional de celebraci\u00f3n de los 40 a\u00f1os\" \/>\n<meta property=\"og:url\" content=\"https:\/\/www.ceab.csic.es\/es\/agenda\/acte-institucional-de-celebracio-dels-40-anys\/\" \/>\n<meta property=\"og:site_name\" content=\"CEAB\" \/>\n<meta property=\"article:modified_time\" content=\"2026-03-24T12:10:21+00:00\" \/>\n<meta property=\"og:image\" content=\"https:\/\/www.ceab.csic.es\/wp-content\/uploads\/2026\/03\/Vista_aeria_ceab_2024.jpg\" \/>\n\t<meta property=\"og:image:width\" content=\"821\" \/>\n\t<meta property=\"og:image:height\" content=\"547\" \/>\n\t<meta property=\"og:image:type\" content=\"image\/jpeg\" \/>\n<meta name=\"twitter:card\" content=\"summary_large_image\" \/>\n<meta name=\"twitter:site\" content=\"@ceabcsic\" \/>\n<meta name=\"twitter:label1\" content=\"Tiempo de lectura\" \/>\n\t<meta name=\"twitter:data1\" content=\"2 minutos\" \/>\n<script type=\"application\/ld+json\" class=\"yoast-schema-graph\">{\"@context\":\"https:\/\/schema.org\",\"@graph\":[{\"@type\":\"WebPage\",\"@id\":\"https:\/\/www.ceab.csic.es\/es\/agenda\/acte-institucional-de-celebracio-dels-40-anys\/\",\"url\":\"https:\/\/www.ceab.csic.es\/es\/agenda\/acte-institucional-de-celebracio-dels-40-anys\/\",\"name\":\"Acto institucional de celebraci\u00f3n de los 40 a\u00f1os | CEAB\",\"isPartOf\":{\"@id\":\"https:\/\/www.ceab.csic.es\/es\/#website\"},\"primaryImageOfPage\":{\"@id\":\"https:\/\/www.ceab.csic.es\/es\/agenda\/acte-institucional-de-celebracio-dels-40-anys\/#primaryimage\"},\"image\":{\"@id\":\"https:\/\/www.ceab.csic.es\/es\/agenda\/acte-institucional-de-celebracio-dels-40-anys\/#primaryimage\"},\"thumbnailUrl\":\"https:\/\/www.ceab.csic.es\/wp-content\/uploads\/2026\/03\/Vista_aeria_ceab_2024.jpg\",\"datePublished\":\"2026-03-03T10:42:25+00:00\",\"dateModified\":\"2026-03-24T12:10:21+00:00\",\"breadcrumb\":{\"@id\":\"https:\/\/www.ceab.csic.es\/es\/agenda\/acte-institucional-de-celebracio-dels-40-anys\/#breadcrumb\"},\"inLanguage\":\"es\",\"potentialAction\":[{\"@type\":\"ReadAction\",\"target\":[\"https:\/\/www.ceab.csic.es\/es\/agenda\/acte-institucional-de-celebracio-dels-40-anys\/\"]}]},{\"@type\":\"ImageObject\",\"inLanguage\":\"es\",\"@id\":\"https:\/\/www.ceab.csic.es\/es\/agenda\/acte-institucional-de-celebracio-dels-40-anys\/#primaryimage\",\"url\":\"https:\/\/www.ceab.csic.es\/wp-content\/uploads\/2026\/03\/Vista_aeria_ceab_2024.jpg\",\"contentUrl\":\"https:\/\/www.ceab.csic.es\/wp-content\/uploads\/2026\/03\/Vista_aeria_ceab_2024.jpg\",\"width\":821,\"height\":547,\"caption\":\"default\"},{\"@type\":\"BreadcrumbList\",\"@id\":\"https:\/\/www.ceab.csic.es\/es\/agenda\/acte-institucional-de-celebracio-dels-40-anys\/#breadcrumb\",\"itemListElement\":[{\"@type\":\"ListItem\",\"position\":1,\"name\":\"Inici\",\"item\":\"https:\/\/www.ceab.csic.es\/es\/\"},{\"@type\":\"ListItem\",\"position\":2,\"name\":\"Acto institucional de celebraci\u00f3n de los 40 a\u00f1os\"}]},{\"@type\":\"WebSite\",\"@id\":\"https:\/\/www.ceab.csic.es\/es\/#website\",\"url\":\"https:\/\/www.ceab.csic.es\/es\/\",\"name\":\"CEAB\",\"description\":\"Centre Estudis Avan\u00e7ats de Blanes\",\"alternateName\":\"CEAB\",\"potentialAction\":[{\"@type\":\"SearchAction\",\"target\":{\"@type\":\"EntryPoint\",\"urlTemplate\":\"https:\/\/www.ceab.csic.es\/es\/?s={search_term_string}\"},\"query-input\":{\"@type\":\"PropertyValueSpecification\",\"valueRequired\":true,\"valueName\":\"search_term_string\"}}],\"inLanguage\":\"es\"}]}<\/script>\n<!-- \/ Yoast SEO plugin. -->","yoast_head_json":{"title":"Acto institucional de celebraci\u00f3n de los 40 a\u00f1os | CEAB","robots":{"index":"index","follow":"follow","max-snippet":"max-snippet:-1","max-image-preview":"max-image-preview:large","max-video-preview":"max-video-preview:-1"},"canonical":"https:\/\/www.ceab.csic.es\/es\/agenda\/acte-institucional-de-celebracio-dels-40-anys\/","og_locale":"es_ES","og_type":"article","og_title":"Acto institucional de celebraci\u00f3n de los 40 a\u00f1os | CEAB","og_description":"El CEAB-CSIC contin\u00faa la celebraci\u00f3n de su 40\u00ba aniversario con actividades dirigidas a diversos colectivos. En esta ocasi\u00f3n, celebramos el acto institucional de la efem\u00e9ride, especialmente dirigido a las instituciones y entidades con las que hemos colaborado a lo largo de estos a\u00f1os. \ud83d\udcc5 2 de junio de 2026\ud83d\udd5b A partir de las 11 h\ud83d\udccd&hellip;&nbsp;Acto institucional de celebraci\u00f3n de los 40 a\u00f1os","og_url":"https:\/\/www.ceab.csic.es\/es\/agenda\/acte-institucional-de-celebracio-dels-40-anys\/","og_site_name":"CEAB","article_modified_time":"2026-03-24T12:10:21+00:00","og_image":[{"width":821,"height":547,"url":"https:\/\/www.ceab.csic.es\/wp-content\/uploads\/2026\/03\/Vista_aeria_ceab_2024.jpg","type":"image\/jpeg"}],"twitter_card":"summary_large_image","twitter_site":"@ceabcsic","twitter_misc":{"Tiempo de lectura":"2 minutos"},"schema":{"@context":"https:\/\/schema.org","@graph":[{"@type":"WebPage","@id":"https:\/\/www.ceab.csic.es\/es\/agenda\/acte-institucional-de-celebracio-dels-40-anys\/","url":"https:\/\/www.ceab.csic.es\/es\/agenda\/acte-institucional-de-celebracio-dels-40-anys\/","name":"Acto institucional de celebraci\u00f3n de los 40 a\u00f1os | CEAB","isPartOf":{"@id":"https:\/\/www.ceab.csic.es\/es\/#website"},"primaryImageOfPage":{"@id":"https:\/\/www.ceab.csic.es\/es\/agenda\/acte-institucional-de-celebracio-dels-40-anys\/#primaryimage"},"image":{"@id":"https:\/\/www.ceab.csic.es\/es\/agenda\/acte-institucional-de-celebracio-dels-40-anys\/#primaryimage"},"thumbnailUrl":"https:\/\/www.ceab.csic.es\/wp-content\/uploads\/2026\/03\/Vista_aeria_ceab_2024.jpg","datePublished":"2026-03-03T10:42:25+00:00","dateModified":"2026-03-24T12:10:21+00:00","breadcrumb":{"@id":"https:\/\/www.ceab.csic.es\/es\/agenda\/acte-institucional-de-celebracio-dels-40-anys\/#breadcrumb"},"inLanguage":"es","potentialAction":[{"@type":"ReadAction","target":["https:\/\/www.ceab.csic.es\/es\/agenda\/acte-institucional-de-celebracio-dels-40-anys\/"]}]},{"@type":"ImageObject","inLanguage":"es","@id":"https:\/\/www.ceab.csic.es\/es\/agenda\/acte-institucional-de-celebracio-dels-40-anys\/#primaryimage","url":"https:\/\/www.ceab.csic.es\/wp-content\/uploads\/2026\/03\/Vista_aeria_ceab_2024.jpg","contentUrl":"https:\/\/www.ceab.csic.es\/wp-content\/uploads\/2026\/03\/Vista_aeria_ceab_2024.jpg","width":821,"height":547,"caption":"default"},{"@type":"BreadcrumbList","@id":"https:\/\/www.ceab.csic.es\/es\/agenda\/acte-institucional-de-celebracio-dels-40-anys\/#breadcrumb","itemListElement":[{"@type":"ListItem","position":1,"name":"Inici","item":"https:\/\/www.ceab.csic.es\/es\/"},{"@type":"ListItem","position":2,"name":"Acto institucional de celebraci\u00f3n de los 40 a\u00f1os"}]},{"@type":"WebSite","@id":"https:\/\/www.ceab.csic.es\/es\/#website","url":"https:\/\/www.ceab.csic.es\/es\/","name":"CEAB","description":"Centre Estudis Avan\u00e7ats de Blanes","alternateName":"CEAB","potentialAction":[{"@type":"SearchAction","target":{"@type":"EntryPoint","urlTemplate":"https:\/\/www.ceab.csic.es\/es\/?s={search_term_string}"},"query-input":{"@type":"PropertyValueSpecification","valueRequired":true,"valueName":"search_term_string"}}],"inLanguage":"es"}]}},"_links":{"self":[{"href":"https:\/\/www.ceab.csic.es\/es\/wp-json\/wp\/v2\/agenda\/18716","targetHints":{"allow":["GET"]}}],"collection":[{"href":"https:\/\/www.ceab.csic.es\/es\/wp-json\/wp\/v2\/agenda"}],"about":[{"href":"https:\/\/www.ceab.csic.es\/es\/wp-json\/wp\/v2\/types\/agenda"}],"wp:featuredmedia":[{"embeddable":true,"href":"https:\/\/www.ceab.csic.es\/es\/wp-json\/wp\/v2\/media\/18714"}],"wp:attachment":[{"href":"https:\/\/www.ceab.csic.es\/es\/wp-json\/wp\/v2\/media?parent=18716"}],"wp:term":[{"taxonomy":"tipus-esdeveniment","embeddable":true,"href":"https:\/\/www.ceab.csic.es\/es\/wp-json\/wp\/v2\/tipus-esdeveniment?post=18716"}],"curies":[{"name":"wp","href":"https:\/\/api.w.org\/{rel}","templated":true}]}}

Acto institucional de celebración de los 40 años

<h4 data-start="104" data-end="388">El CEAB-CSIC continúa la celebración de su 40º aniversario con actividades dirigidas a diversos colectivos. En esta ocasión, celebramos el acto institucional de la efeméride, especialmente dirigido a las instituciones y entidades con las que hemos colaborado a lo largo de estos años.</h4>
<p data-start="390" data-end="551">📅 2 de junio de 2026<br data-start="411" data-end="414" />🕛 A partir de las 11 h<br data-start="437" data-end="440" />📍 Centro de Estudios Avanzados de Blanes (CEAB-CSIC)<br data-start="493" data-end="496" />C/ d’accés a la Cala Sant Francesc, 14, Blanes (Girona)</p>
<p data-start="553" data-end="739">El CEAB-CSIC celebra su 40º aniversario con un acto institucional bajo el lema “Desde la alta montaña hasta los fondos marinos. 40 años de investigación científica en ecología acuática”.</p>
<p data-start="741" data-end="898">El programa incluirá la bienvenida con autoridades y representantes del Centro y una mesa redonda sobre la trayectoria y las perspectivas de futuro del CEAB.</p>
<p data-start="900" data-end="1015">Debido a la limitación de aforo, la asistencia presencial solo es posible con invitación o, para la comunidad del CEAB (miembros, ex-miembros, colaboradores), mediante <a href="https://encuestas.csic.es/index.php/925839?lang=ca">inscripción previa</a>.</p>
<p data-start="1017" data-end="1164">No obstante, todas las personas que deseen seguir el acto podrán hacerlo a través de la <a href="https://www.youtube.com/@ceabcsic"><strong>retransmisión en directo en el canal de YouTube del Centro</strong></a>.</p>

<!-- This site is optimized with the Yoast SEO plugin v24.6 - https://yoast.com/wordpress/plugins/seo/ -->
<title>Acto institucional de celebración de los 40 años | CEAB</title>
<meta name="robots" content="index, follow, max-snippet:-1, max-image-preview:large, max-video-preview:-1" />
<link rel="canonical" href="https://www.ceab.csic.es/es/agenda/acte-institucional-de-celebracio-dels-40-anys/" />
<meta property="og:locale" content="es_ES" />
<meta property="og:type" content="article" />
<meta property="og:title" content="Acto institucional de celebración de los 40 años | CEAB" />
<meta property="og:description" content="El CEAB-CSIC continúa la celebración de su 40º aniversario con actividades dirigidas a diversos colectivos. En esta ocasión, celebramos el acto institucional de la efeméride, especialmente dirigido a las instituciones y entidades con las que hemos colaborado a lo largo de estos años. 📅 2 de junio de 2026🕛 A partir de las 11 h📍&hellip;&nbsp;Acto institucional de celebración de los 40 años" />
<meta property="og:url" content="https://www.ceab.csic.es/es/agenda/acte-institucional-de-celebracio-dels-40-anys/" />
<meta property="og:site_name" content="CEAB" />
<meta property="article:modified_time" content="2026-03-24T12:10:21+00:00" />
<meta property="og:image" content="https://www.ceab.csic.es/wp-content/uploads/2026/03/Vista_aeria_ceab_2024.jpg" />
	<meta property="og:image:width" content="821" />
	<meta property="og:image:height" content="547" />
	<meta property="og:image:type" content="image/jpeg" />
<meta name="twitter:card" content="summary_large_image" />
<meta name="twitter:site" content="@ceabcsic" />
<meta name="twitter:label1" content="Tiempo de lectura" />
	<meta name="twitter:data1" content="2 minutos" />
<script type="application/ld+json" class="yoast-schema-graph">{"@context":"https://schema.org","@graph":[{"@type":"WebPage","@id":"https://www.ceab.csic.es/es/agenda/acte-institucional-de-celebracio-dels-40-anys/","url":"https://www.ceab.csic.es/es/agenda/acte-institucional-de-celebracio-dels-40-anys/","name":"Acto institucional de celebración de los 40 años | CEAB","isPartOf":{"@id":"https://www.ceab.csic.es/es/#website"},"primaryImageOfPage":{"@id":"https://www.ceab.csic.es/es/agenda/acte-institucional-de-celebracio-dels-40-anys/#primaryimage"},"image":{"@id":"https://www.ceab.csic.es/es/agenda/acte-institucional-de-celebracio-dels-40-anys/#primaryimage"},"thumbnailUrl":"https://www.ceab.csic.es/wp-content/uploads/2026/03/Vista_aeria_ceab_2024.jpg","datePublished":"2026-03-03T10:42:25+00:00","dateModified":"2026-03-24T12:10:21+00:00","breadcrumb":{"@id":"https://www.ceab.csic.es/es/agenda/acte-institucional-de-celebracio-dels-40-anys/#breadcrumb"},"inLanguage":"es","potentialAction":[{"@type":"ReadAction","target":["https://www.ceab.csic.es/es/agenda/acte-institucional-de-celebracio-dels-40-anys/"]}]},{"@type":"ImageObject","inLanguage":"es","@id":"https://www.ceab.csic.es/es/agenda/acte-institucional-de-celebracio-dels-40-anys/#primaryimage","url":"https://www.ceab.csic.es/wp-content/uploads/2026/03/Vista_aeria_ceab_2024.jpg","contentUrl":"https://www.ceab.csic.es/wp-content/uploads/2026/03/Vista_aeria_ceab_2024.jpg","width":821,"height":547,"caption":"default"},{"@type":"BreadcrumbList","@id":"https://www.ceab.csic.es/es/agenda/acte-institucional-de-celebracio-dels-40-anys/#breadcrumb","itemListElement":[{"@type":"ListItem","position":1,"name":"Inici","item":"https://www.ceab.csic.es/es/"},{"@type":"ListItem","position":2,"name":"Acto institucional de celebración de los 40 años"}]},{"@type":"WebSite","@id":"https://www.ceab.csic.es/es/#website","url":"https://www.ceab.csic.es/es/","name":"CEAB","description":"Centre Estudis Avançats de Blanes","alternateName":"CEAB","potentialAction":[{"@type":"SearchAction","target":{"@type":"EntryPoint","urlTemplate":"https://www.ceab.csic.es/es/?s={search_term_string}"},"query-input":{"@type":"PropertyValueSpecification","valueRequired":true,"valueName":"search_term_string"}}],"inLanguage":"es"}]}</script>
<!-- / Yoast SEO plugin. -->

Acto institucional de celebración de los 40 años | CEAB

El CEAB-CSIC continúa la celebración de su 40º aniversario con actividades dirigidas a diversos colectivos. En esta ocasión, celebramos el acto institucional de la efeméride, especialmente dirigido a las instituciones y entidades con las que hemos colaborado a lo largo de estos años. 📅 2 de junio de 2026🕛 A partir de las 11 h📍&hellip;&nbsp;Acto institucional de celebración de los 40 años

Centre Estudis Avançats de Blanes
