{"id":9780,"date":"2014-10-22T07:35:03","date_gmt":"2014-10-22T05:35:03","guid":{"rendered":"https:\/\/www.ceab.csic.es\/personal\/miguel-angel-mateo-minguez\/"},"modified":"2024-04-23T16:00:58","modified_gmt":"2024-04-23T14:00:58","slug":"miguel-angel-mateo-minguez","status":"publish","type":"personal","link":"https:\/\/www.ceab.csic.es\/es\/personal\/miguel-angel-mateo-minguez\/","title":{"rendered":"Miguel \u00c1ngel Mateo M\u00ednguez"},"content":{"rendered":"<h5><a href=\"http:\/\/161.111.254.94\/GAME\/WEB_MATEO\/Home.html\"><strong>WEB MIGUEL \u00c1NGEL MATEO M\u00cdNGUEZ<\/strong><\/a><\/h5>\n<p>Campos de inter\u00e9s<\/p>\n<ul>\n<li>(1) Ecolog\u00eda b\u00e1sica y aplicada de macr\u00f3fitos acu\u00e1ticos<\/li>\n<li>(2) Ciclos biogeoqu\u00edmicos asociados a ecosistemas dominados por faner\u00f3gamas marinas<\/li>\n<li>(3) Balances de ecosistema<\/li>\n<li>(4) Compartimento detr\u00edtico en macr\u00f3fitos marinos<\/li>\n<li>(5) Empleo de is\u00f3topos estables en ecofisiolog\u00eda vegetal<\/li>\n<li>(6) Paleoecolog\u00eda y paleoreconstrucci\u00f3n ambiental empleando los dep\u00f3sitos org\u00e1nicos milenarios de Posidonia oceanica<\/li>\n<li>(7) Bioindicadores y an\u00e1lisis de salud de ecosistemas.<\/li>\n<\/ul>\n","protected":false},"featured_media":17940,"parent":0,"menu_order":0,"template":"","meta":{"_acf_changed":false,"neve_meta_sidebar":"","neve_meta_container":"","neve_meta_enable_content_width":"","neve_meta_content_width":0,"neve_meta_title_alignment":"","neve_meta_author_avatar":"","neve_post_elements_order":"","neve_meta_disable_header":"","neve_meta_disable_footer":"","neve_meta_disable_title":""},"departament":[362],"grup-de-recerca":[1219],"tipus-de-personal":[427,429],"class_list":["post-9780","personal","type-personal","status-publish","has-post-thumbnail","hentry","departament-ecologia-marina-es","grup-de-recerca-ecologia-de-macrofitos-acuaticos","tipus-de-personal-personal-de-investigacion-cientifica","tipus-de-personal-personal-investigador-consolidado"],"acf":[],"yoast_head":"<!-- This site is optimized with the Yoast SEO plugin v24.6 - https:\/\/yoast.com\/wordpress\/plugins\/seo\/ -->\n<title>Miguel \u00c1ngel Mateo M\u00ednguez | CEAB<\/title>\n<meta name=\"robots\" content=\"index, follow, max-snippet:-1, max-image-preview:large, max-video-preview:-1\" \/>\n<link rel=\"canonical\" href=\"https:\/\/www.ceab.csic.es\/es\/personal\/miguel-angel-mateo-minguez\/\" \/>\n<meta property=\"og:locale\" content=\"es_ES\" \/>\n<meta property=\"og:type\" content=\"article\" \/>\n<meta property=\"og:title\" content=\"Miguel \u00c1ngel Mateo M\u00ednguez | CEAB\" \/>\n<meta property=\"og:description\" content=\"WEB MIGUEL \u00c1NGEL MATEO M\u00cdNGUEZ Campos de inter\u00e9s (1) Ecolog\u00eda b\u00e1sica y aplicada de macr\u00f3fitos acu\u00e1ticos (2) Ciclos biogeoqu\u00edmicos asociados a ecosistemas dominados por faner\u00f3gamas marinas (3) Balances de ecosistema (4) Compartimento detr\u00edtico en macr\u00f3fitos marinos (5) Empleo de is\u00f3topos estables en ecofisiolog\u00eda vegetal (6) Paleoecolog\u00eda y paleoreconstrucci\u00f3n ambiental empleando los dep\u00f3sitos org\u00e1nicos milenarios de&hellip;&nbsp;Miguel \u00c1ngel Mateo M\u00ednguez\" \/>\n<meta property=\"og:url\" content=\"https:\/\/www.ceab.csic.es\/es\/personal\/miguel-angel-mateo-minguez\/\" \/>\n<meta property=\"og:site_name\" content=\"CEAB\" \/>\n<meta property=\"article:modified_time\" content=\"2024-04-23T14:00:58+00:00\" \/>\n<meta property=\"og:image\" content=\"https:\/\/www.ceab.csic.es\/wp-content\/uploads\/2024\/04\/miguel-angel-mateo-minguez.jpeg\" \/>\n\t<meta property=\"og:image:width\" content=\"320\" \/>\n\t<meta property=\"og:image:height\" content=\"295\" \/>\n\t<meta property=\"og:image:type\" content=\"image\/jpeg\" \/>\n<meta name=\"twitter:card\" content=\"summary_large_image\" \/>\n<meta name=\"twitter:site\" content=\"@ceabcsic\" \/>\n<script type=\"application\/ld+json\" class=\"yoast-schema-graph\">{\"@context\":\"https:\/\/schema.org\",\"@graph\":[{\"@type\":\"WebPage\",\"@id\":\"https:\/\/www.ceab.csic.es\/es\/personal\/miguel-angel-mateo-minguez\/\",\"url\":\"https:\/\/www.ceab.csic.es\/es\/personal\/miguel-angel-mateo-minguez\/\",\"name\":\"Miguel \u00c1ngel Mateo M\u00ednguez | CEAB\",\"isPartOf\":{\"@id\":\"https:\/\/www.ceab.csic.es\/es\/#website\"},\"primaryImageOfPage\":{\"@id\":\"https:\/\/www.ceab.csic.es\/es\/personal\/miguel-angel-mateo-minguez\/#primaryimage\"},\"image\":{\"@id\":\"https:\/\/www.ceab.csic.es\/es\/personal\/miguel-angel-mateo-minguez\/#primaryimage\"},\"thumbnailUrl\":\"https:\/\/www.ceab.csic.es\/wp-content\/uploads\/2021\/10\/Miguel-Angel-Mateo-scaled-1.jpg\",\"datePublished\":\"2014-10-22T05:35:03+00:00\",\"dateModified\":\"2024-04-23T14:00:58+00:00\",\"breadcrumb\":{\"@id\":\"https:\/\/www.ceab.csic.es\/es\/personal\/miguel-angel-mateo-minguez\/#breadcrumb\"},\"inLanguage\":\"es\",\"potentialAction\":[{\"@type\":\"ReadAction\",\"target\":[\"https:\/\/www.ceab.csic.es\/es\/personal\/miguel-angel-mateo-minguez\/\"]}]},{\"@type\":\"ImageObject\",\"inLanguage\":\"es\",\"@id\":\"https:\/\/www.ceab.csic.es\/es\/personal\/miguel-angel-mateo-minguez\/#primaryimage\",\"url\":\"https:\/\/www.ceab.csic.es\/wp-content\/uploads\/2021\/10\/Miguel-Angel-Mateo-scaled-1.jpg\",\"contentUrl\":\"https:\/\/www.ceab.csic.es\/wp-content\/uploads\/2021\/10\/Miguel-Angel-Mateo-scaled-1.jpg\",\"width\":2295,\"height\":2560},{\"@type\":\"BreadcrumbList\",\"@id\":\"https:\/\/www.ceab.csic.es\/es\/personal\/miguel-angel-mateo-minguez\/#breadcrumb\",\"itemListElement\":[{\"@type\":\"ListItem\",\"position\":1,\"name\":\"Inici\",\"item\":\"https:\/\/www.ceab.csic.es\/es\/\"},{\"@type\":\"ListItem\",\"position\":2,\"name\":\"Miguel \u00c1ngel Mateo M\u00ednguez\"}]},{\"@type\":\"WebSite\",\"@id\":\"https:\/\/www.ceab.csic.es\/es\/#website\",\"url\":\"https:\/\/www.ceab.csic.es\/es\/\",\"name\":\"CEAB\",\"description\":\"Centre Estudis Avan\u00e7ats de Blanes\",\"alternateName\":\"CEAB\",\"potentialAction\":[{\"@type\":\"SearchAction\",\"target\":{\"@type\":\"EntryPoint\",\"urlTemplate\":\"https:\/\/www.ceab.csic.es\/es\/?s={search_term_string}\"},\"query-input\":{\"@type\":\"PropertyValueSpecification\",\"valueRequired\":true,\"valueName\":\"search_term_string\"}}],\"inLanguage\":\"es\"}]}<\/script>\n<!-- \/ Yoast SEO plugin. -->","yoast_head_json":{"title":"Miguel \u00c1ngel Mateo M\u00ednguez | CEAB","robots":{"index":"index","follow":"follow","max-snippet":"max-snippet:-1","max-image-preview":"max-image-preview:large","max-video-preview":"max-video-preview:-1"},"canonical":"https:\/\/www.ceab.csic.es\/es\/personal\/miguel-angel-mateo-minguez\/","og_locale":"es_ES","og_type":"article","og_title":"Miguel \u00c1ngel Mateo M\u00ednguez | CEAB","og_description":"WEB MIGUEL \u00c1NGEL MATEO M\u00cdNGUEZ Campos de inter\u00e9s (1) Ecolog\u00eda b\u00e1sica y aplicada de macr\u00f3fitos acu\u00e1ticos (2) Ciclos biogeoqu\u00edmicos asociados a ecosistemas dominados por faner\u00f3gamas marinas (3) Balances de ecosistema (4) Compartimento detr\u00edtico en macr\u00f3fitos marinos (5) Empleo de is\u00f3topos estables en ecofisiolog\u00eda vegetal (6) Paleoecolog\u00eda y paleoreconstrucci\u00f3n ambiental empleando los dep\u00f3sitos org\u00e1nicos milenarios de&hellip;&nbsp;Miguel \u00c1ngel Mateo M\u00ednguez","og_url":"https:\/\/www.ceab.csic.es\/es\/personal\/miguel-angel-mateo-minguez\/","og_site_name":"CEAB","article_modified_time":"2024-04-23T14:00:58+00:00","og_image":[{"width":320,"height":295,"url":"https:\/\/www.ceab.csic.es\/wp-content\/uploads\/2024\/04\/miguel-angel-mateo-minguez.jpeg","type":"image\/jpeg"}],"twitter_card":"summary_large_image","twitter_site":"@ceabcsic","schema":{"@context":"https:\/\/schema.org","@graph":[{"@type":"WebPage","@id":"https:\/\/www.ceab.csic.es\/es\/personal\/miguel-angel-mateo-minguez\/","url":"https:\/\/www.ceab.csic.es\/es\/personal\/miguel-angel-mateo-minguez\/","name":"Miguel \u00c1ngel Mateo M\u00ednguez | CEAB","isPartOf":{"@id":"https:\/\/www.ceab.csic.es\/es\/#website"},"primaryImageOfPage":{"@id":"https:\/\/www.ceab.csic.es\/es\/personal\/miguel-angel-mateo-minguez\/#primaryimage"},"image":{"@id":"https:\/\/www.ceab.csic.es\/es\/personal\/miguel-angel-mateo-minguez\/#primaryimage"},"thumbnailUrl":"https:\/\/www.ceab.csic.es\/wp-content\/uploads\/2021\/10\/Miguel-Angel-Mateo-scaled-1.jpg","datePublished":"2014-10-22T05:35:03+00:00","dateModified":"2024-04-23T14:00:58+00:00","breadcrumb":{"@id":"https:\/\/www.ceab.csic.es\/es\/personal\/miguel-angel-mateo-minguez\/#breadcrumb"},"inLanguage":"es","potentialAction":[{"@type":"ReadAction","target":["https:\/\/www.ceab.csic.es\/es\/personal\/miguel-angel-mateo-minguez\/"]}]},{"@type":"ImageObject","inLanguage":"es","@id":"https:\/\/www.ceab.csic.es\/es\/personal\/miguel-angel-mateo-minguez\/#primaryimage","url":"https:\/\/www.ceab.csic.es\/wp-content\/uploads\/2021\/10\/Miguel-Angel-Mateo-scaled-1.jpg","contentUrl":"https:\/\/www.ceab.csic.es\/wp-content\/uploads\/2021\/10\/Miguel-Angel-Mateo-scaled-1.jpg","width":2295,"height":2560},{"@type":"BreadcrumbList","@id":"https:\/\/www.ceab.csic.es\/es\/personal\/miguel-angel-mateo-minguez\/#breadcrumb","itemListElement":[{"@type":"ListItem","position":1,"name":"Inici","item":"https:\/\/www.ceab.csic.es\/es\/"},{"@type":"ListItem","position":2,"name":"Miguel \u00c1ngel Mateo M\u00ednguez"}]},{"@type":"WebSite","@id":"https:\/\/www.ceab.csic.es\/es\/#website","url":"https:\/\/www.ceab.csic.es\/es\/","name":"CEAB","description":"Centre Estudis Avan\u00e7ats de Blanes","alternateName":"CEAB","potentialAction":[{"@type":"SearchAction","target":{"@type":"EntryPoint","urlTemplate":"https:\/\/www.ceab.csic.es\/es\/?s={search_term_string}"},"query-input":{"@type":"PropertyValueSpecification","valueRequired":true,"valueName":"search_term_string"}}],"inLanguage":"es"}]}},"_links":{"self":[{"href":"https:\/\/www.ceab.csic.es\/es\/wp-json\/wp\/v2\/personal\/9780","targetHints":{"allow":["GET"]}}],"collection":[{"href":"https:\/\/www.ceab.csic.es\/es\/wp-json\/wp\/v2\/personal"}],"about":[{"href":"https:\/\/www.ceab.csic.es\/es\/wp-json\/wp\/v2\/types\/personal"}],"wp:featuredmedia":[{"embeddable":true,"href":"https:\/\/www.ceab.csic.es\/es\/wp-json\/wp\/v2\/media\/17940"}],"wp:attachment":[{"href":"https:\/\/www.ceab.csic.es\/es\/wp-json\/wp\/v2\/media?parent=9780"}],"wp:term":[{"taxonomy":"departament","embeddable":true,"href":"https:\/\/www.ceab.csic.es\/es\/wp-json\/wp\/v2\/departament?post=9780"},{"taxonomy":"grup-de-recerca","embeddable":true,"href":"https:\/\/www.ceab.csic.es\/es\/wp-json\/wp\/v2\/grup-de-recerca?post=9780"},{"taxonomy":"tipus-de-personal","embeddable":true,"href":"https:\/\/www.ceab.csic.es\/es\/wp-json\/wp\/v2\/tipus-de-personal?post=9780"}],"curies":[{"name":"wp","href":"https:\/\/api.w.org\/{rel}","templated":true}]}}

Miguel Ángel Mateo Mínguez

<h5><a href="http://161.111.254.94/GAME/WEB_MATEO/Home.html"><strong>WEB MIGUEL ÁNGEL MATEO MÍNGUEZ</strong></a></h5>
<p>Campos de interés</p>
<ul>
<li>(1) Ecología básica y aplicada de macrófitos acuáticos</li>
<li>(2) Ciclos biogeoquímicos asociados a ecosistemas dominados por fanerógamas marinas</li>
<li>(3) Balances de ecosistema</li>
<li>(4) Compartimento detrítico en macrófitos marinos</li>
<li>(5) Empleo de isótopos estables en ecofisiología vegetal</li>
<li>(6) Paleoecología y paleoreconstrucción ambiental empleando los depósitos orgánicos milenarios de Posidonia oceanica</li>
<li>(7) Bioindicadores y análisis de salud de ecosistemas.</li>
</ul>

<!-- This site is optimized with the Yoast SEO plugin v24.6 - https://yoast.com/wordpress/plugins/seo/ -->
<title>Miguel Ángel Mateo Mínguez | CEAB</title>
<meta name="robots" content="index, follow, max-snippet:-1, max-image-preview:large, max-video-preview:-1" />
<link rel="canonical" href="https://www.ceab.csic.es/es/personal/miguel-angel-mateo-minguez/" />
<meta property="og:locale" content="es_ES" />
<meta property="og:type" content="article" />
<meta property="og:title" content="Miguel Ángel Mateo Mínguez | CEAB" />
<meta property="og:description" content="WEB MIGUEL ÁNGEL MATEO MÍNGUEZ Campos de interés (1) Ecología básica y aplicada de macrófitos acuáticos (2) Ciclos biogeoquímicos asociados a ecosistemas dominados por fanerógamas marinas (3) Balances de ecosistema (4) Compartimento detrítico en macrófitos marinos (5) Empleo de isótopos estables en ecofisiología vegetal (6) Paleoecología y paleoreconstrucción ambiental empleando los depósitos orgánicos milenarios de&hellip;&nbsp;Miguel Ángel Mateo Mínguez" />
<meta property="og:url" content="https://www.ceab.csic.es/es/personal/miguel-angel-mateo-minguez/" />
<meta property="og:site_name" content="CEAB" />
<meta property="article:modified_time" content="2024-04-23T14:00:58+00:00" />
<meta property="og:image" content="https://www.ceab.csic.es/wp-content/uploads/2024/04/miguel-angel-mateo-minguez.jpeg" />
	<meta property="og:image:width" content="320" />
	<meta property="og:image:height" content="295" />
	<meta property="og:image:type" content="image/jpeg" />
<meta name="twitter:card" content="summary_large_image" />
<meta name="twitter:site" content="@ceabcsic" />
<script type="application/ld+json" class="yoast-schema-graph">{"@context":"https://schema.org","@graph":[{"@type":"WebPage","@id":"https://www.ceab.csic.es/es/personal/miguel-angel-mateo-minguez/","url":"https://www.ceab.csic.es/es/personal/miguel-angel-mateo-minguez/","name":"Miguel Ángel Mateo Mínguez | CEAB","isPartOf":{"@id":"https://www.ceab.csic.es/es/#website"},"primaryImageOfPage":{"@id":"https://www.ceab.csic.es/es/personal/miguel-angel-mateo-minguez/#primaryimage"},"image":{"@id":"https://www.ceab.csic.es/es/personal/miguel-angel-mateo-minguez/#primaryimage"},"thumbnailUrl":"https://www.ceab.csic.es/wp-content/uploads/2021/10/Miguel-Angel-Mateo-scaled-1.jpg","datePublished":"2014-10-22T05:35:03+00:00","dateModified":"2024-04-23T14:00:58+00:00","breadcrumb":{"@id":"https://www.ceab.csic.es/es/personal/miguel-angel-mateo-minguez/#breadcrumb"},"inLanguage":"es","potentialAction":[{"@type":"ReadAction","target":["https://www.ceab.csic.es/es/personal/miguel-angel-mateo-minguez/"]}]},{"@type":"ImageObject","inLanguage":"es","@id":"https://www.ceab.csic.es/es/personal/miguel-angel-mateo-minguez/#primaryimage","url":"https://www.ceab.csic.es/wp-content/uploads/2021/10/Miguel-Angel-Mateo-scaled-1.jpg","contentUrl":"https://www.ceab.csic.es/wp-content/uploads/2021/10/Miguel-Angel-Mateo-scaled-1.jpg","width":2295,"height":2560},{"@type":"BreadcrumbList","@id":"https://www.ceab.csic.es/es/personal/miguel-angel-mateo-minguez/#breadcrumb","itemListElement":[{"@type":"ListItem","position":1,"name":"Inici","item":"https://www.ceab.csic.es/es/"},{"@type":"ListItem","position":2,"name":"Miguel Ángel Mateo Mínguez"}]},{"@type":"WebSite","@id":"https://www.ceab.csic.es/es/#website","url":"https://www.ceab.csic.es/es/","name":"CEAB","description":"Centre Estudis Avançats de Blanes","alternateName":"CEAB","potentialAction":[{"@type":"SearchAction","target":{"@type":"EntryPoint","urlTemplate":"https://www.ceab.csic.es/es/?s={search_term_string}"},"query-input":{"@type":"PropertyValueSpecification","valueRequired":true,"valueName":"search_term_string"}}],"inLanguage":"es"}]}</script>
<!-- / Yoast SEO plugin. -->

Miguel Ángel Mateo Mínguez | CEAB

WEB MIGUEL ÁNGEL MATEO MÍNGUEZ Campos de interés (1) Ecología básica y aplicada de macrófitos acuáticos (2) Ciclos biogeoquímicos asociados a ecosistemas dominados por fanerógamas marinas (3) Balances de ecosistema (4) Compartimento detrítico en macrófitos marinos (5) Empleo de isótopos estables en ecofisiología vegetal (6) Paleoecología y paleoreconstrucción ambiental empleando los depósitos orgánicos milenarios de&hellip;&nbsp;Miguel Ángel Mateo Mínguez

Centre Estudis Avançats de Blanes
