{"id":9809,"date":"2011-06-05T21:46:06","date_gmt":"2011-06-05T19:46:06","guid":{"rendered":"https:\/\/www.ceab.csic.es\/personal\/teresa-buchaca-estany\/"},"modified":"2025-02-20T09:26:43","modified_gmt":"2025-02-20T08:26:43","slug":"teresa-buchaca-estany","status":"publish","type":"personal","link":"https:\/\/www.ceab.csic.es\/es\/personal\/teresa-buchaca-estany\/","title":{"rendered":"Teresa Buchaca Estany"},"content":{"rendered":"<p>Me gradu\u00e9 en Biolog\u00eda en 1995, obtuve un M\u00e1ster en 1998 y complet\u00e9 mi doctorado en 2005 en la UB con un estudio sobre los pigmentos marcadores en lagos de alta monta\u00f1a en los Pirineos. Estos estudios contribuyeron al avance del conocimiento al identificar pigmentos marcadores como indicadores de los productores primarios, incluidos bacterias fototr\u00f3ficas, cianobacterias y grupos de algas, as\u00ed como de diversos procesos ecol\u00f3gicos que ocurren a diferentes escalas espacio-temporales, como la anoxia, la radiaci\u00f3n UV, la penetraci\u00f3n de la luz, el herbivorismo del zooplancton, la eutrofizaci\u00f3n y la fijaci\u00f3n de nitr\u00f3geno.<\/p>\n<p>En 2006, recib\u00ed una beca postdoctoral Beatriu de Pin\u00f3s (2006-2008) en el Instituto Nacional de Investigaci\u00f3n Ambiental (DMU, Dinamarca), donde investigu\u00e9 la respuesta de los organismos fotosint\u00e9ticos al cambio global utilizando pigmentos marcadores como indicadores. Durante este per\u00edodo, particip\u00e9 en expediciones limnol\u00f3gicas en Dinamarca, el Archipi\u00e9lago de las Azores y Tasmania. Los resultados obtenidos fueron relevantes para comprender los factores que modelan las comunidades acu\u00e1ticas y sus respuestas a gradientes ambientales (por ejemplo, geolog\u00eda, clima, nutrientes, especies introducidas) utilizando un enfoque de sustituci\u00f3n espacio-tiempo.<\/p>\n<p>Posteriormente, obtuve una segunda posici\u00f3n postdoctoral (2008-2011) en el CEAB-CSIC bajo el programa JAE-Doc, donde estudi\u00e9 los cambios en la composici\u00f3n de las comunidades de organismos fotosint\u00e9ticos durante per\u00edodos de cambio clim\u00e1tico r\u00e1pido desde el \u00faltimo m\u00e1ximo glacial. Estos resultados destacaron diferencias notables en las respuestas bi\u00f3ticas a los forzamientos clim\u00e1ticos.<\/p>\n<p>Actualmente, mi grupo de investigaci\u00f3n en el CEAB-CSIC se centra en la biodiversidad, ecolog\u00eda y paleoecolog\u00eda de microalgas y bacterias fotoautotr\u00f3ficas en sistemas acu\u00e1ticos. Estos organismos son componentes clave de las redes tr\u00f3ficas y sirven como indicadores indirectos para el estudio de los cambios ambientales a escala global. Hemos coordinado un proyecto LIFE+ Natura (LIFE13 NAT\/ES\/001210), dirigido a la conservaci\u00f3n de ambientes acu\u00e1ticos alpinos en los Pirineos, y recientemente hemos lanzado un segundo proyecto LIFE (LIFE20 NAT\/ES\/000369), ampliando los esfuerzos de conservaci\u00f3n a los Alpes.<\/p>\n<p>La introducci\u00f3n hist\u00f3rica de peces en lagos remotos ha creado una serie de escenarios que utilizamos como laboratorio natural para estudiar diferentes aspectos ecol\u00f3gicos. Nuestra investigaci\u00f3n ha documentado los impactos de estas introducciones en la fauna y flora de los lagos, proporcionando nuevos conocimientos e hip\u00f3tesis sobre el papel de las cascadas tr\u00f3ficas. Estos hallazgos contribuyen a mejorar las estrategias de conservaci\u00f3n y a entender su eficacia.<\/p>\n","protected":false},"featured_media":14965,"parent":0,"menu_order":0,"template":"","meta":{"_acf_changed":false,"neve_meta_sidebar":"","neve_meta_container":"","neve_meta_enable_content_width":"","neve_meta_content_width":0,"neve_meta_title_alignment":"","neve_meta_author_avatar":"","neve_post_elements_order":"","neve_meta_disable_header":"","neve_meta_disable_footer":"","neve_meta_disable_title":""},"departament":[353],"grup-de-recerca":[1206],"tipus-de-personal":[425,427,429],"class_list":["post-9809","personal","type-personal","status-publish","has-post-thumbnail","hentry","departament-ecologia-acuatica-continental-es","grup-de-recerca-ecologia-integrativa-de-aguas-continentales","tipus-de-personal-laboratorios-y-servicios-internos","tipus-de-personal-personal-de-investigacion-cientifica","tipus-de-personal-personal-investigador-consolidado"],"acf":[],"yoast_head":"<!-- This site is optimized with the Yoast SEO plugin v24.6 - https:\/\/yoast.com\/wordpress\/plugins\/seo\/ -->\n<title>Teresa Buchaca Estany | CEAB<\/title>\n<meta name=\"robots\" content=\"index, follow, max-snippet:-1, max-image-preview:large, max-video-preview:-1\" \/>\n<link rel=\"canonical\" href=\"https:\/\/www.ceab.csic.es\/es\/personal\/teresa-buchaca-estany\/\" \/>\n<meta property=\"og:locale\" content=\"es_ES\" \/>\n<meta property=\"og:type\" content=\"article\" \/>\n<meta property=\"og:title\" content=\"Teresa Buchaca Estany | CEAB\" \/>\n<meta property=\"og:description\" content=\"Me gradu\u00e9 en Biolog\u00eda en 1995, obtuve un M\u00e1ster en 1998 y complet\u00e9 mi doctorado en 2005 en la UB con un estudio sobre los pigmentos marcadores en lagos de alta monta\u00f1a en los Pirineos. Estos estudios contribuyeron al avance del conocimiento al identificar pigmentos marcadores como indicadores de los productores primarios, incluidos bacterias fototr\u00f3ficas,&hellip;&nbsp;Teresa Buchaca Estany\" \/>\n<meta property=\"og:url\" content=\"https:\/\/www.ceab.csic.es\/es\/personal\/teresa-buchaca-estany\/\" \/>\n<meta property=\"og:site_name\" content=\"CEAB\" \/>\n<meta property=\"article:modified_time\" content=\"2025-02-20T08:26:43+00:00\" \/>\n<meta property=\"og:image\" content=\"https:\/\/www.ceab.csic.es\/wp-content\/uploads\/2011\/06\/Teresa_Buchaca.png\" \/>\n\t<meta property=\"og:image:width\" content=\"266\" \/>\n\t<meta property=\"og:image:height\" content=\"335\" \/>\n\t<meta property=\"og:image:type\" content=\"image\/png\" \/>\n<meta name=\"twitter:card\" content=\"summary_large_image\" \/>\n<meta name=\"twitter:site\" content=\"@ceabcsic\" \/>\n<meta name=\"twitter:label1\" content=\"Tiempo de lectura\" \/>\n\t<meta name=\"twitter:data1\" content=\"3 minutos\" \/>\n<script type=\"application\/ld+json\" class=\"yoast-schema-graph\">{\"@context\":\"https:\/\/schema.org\",\"@graph\":[{\"@type\":\"WebPage\",\"@id\":\"https:\/\/www.ceab.csic.es\/es\/personal\/teresa-buchaca-estany\/\",\"url\":\"https:\/\/www.ceab.csic.es\/es\/personal\/teresa-buchaca-estany\/\",\"name\":\"Teresa Buchaca Estany | CEAB\",\"isPartOf\":{\"@id\":\"https:\/\/www.ceab.csic.es\/es\/#website\"},\"primaryImageOfPage\":{\"@id\":\"https:\/\/www.ceab.csic.es\/es\/personal\/teresa-buchaca-estany\/#primaryimage\"},\"image\":{\"@id\":\"https:\/\/www.ceab.csic.es\/es\/personal\/teresa-buchaca-estany\/#primaryimage\"},\"thumbnailUrl\":\"https:\/\/www.ceab.csic.es\/wp-content\/uploads\/2011\/06\/Teresa_Buchaca.png\",\"datePublished\":\"2011-06-05T19:46:06+00:00\",\"dateModified\":\"2025-02-20T08:26:43+00:00\",\"breadcrumb\":{\"@id\":\"https:\/\/www.ceab.csic.es\/es\/personal\/teresa-buchaca-estany\/#breadcrumb\"},\"inLanguage\":\"es\",\"potentialAction\":[{\"@type\":\"ReadAction\",\"target\":[\"https:\/\/www.ceab.csic.es\/es\/personal\/teresa-buchaca-estany\/\"]}]},{\"@type\":\"ImageObject\",\"inLanguage\":\"es\",\"@id\":\"https:\/\/www.ceab.csic.es\/es\/personal\/teresa-buchaca-estany\/#primaryimage\",\"url\":\"https:\/\/www.ceab.csic.es\/wp-content\/uploads\/2011\/06\/Teresa_Buchaca.png\",\"contentUrl\":\"https:\/\/www.ceab.csic.es\/wp-content\/uploads\/2011\/06\/Teresa_Buchaca.png\",\"width\":266,\"height\":335},{\"@type\":\"BreadcrumbList\",\"@id\":\"https:\/\/www.ceab.csic.es\/es\/personal\/teresa-buchaca-estany\/#breadcrumb\",\"itemListElement\":[{\"@type\":\"ListItem\",\"position\":1,\"name\":\"Inici\",\"item\":\"https:\/\/www.ceab.csic.es\/es\/\"},{\"@type\":\"ListItem\",\"position\":2,\"name\":\"Teresa Buchaca Estany\"}]},{\"@type\":\"WebSite\",\"@id\":\"https:\/\/www.ceab.csic.es\/es\/#website\",\"url\":\"https:\/\/www.ceab.csic.es\/es\/\",\"name\":\"CEAB\",\"description\":\"Centre Estudis Avan\u00e7ats de Blanes\",\"alternateName\":\"CEAB\",\"potentialAction\":[{\"@type\":\"SearchAction\",\"target\":{\"@type\":\"EntryPoint\",\"urlTemplate\":\"https:\/\/www.ceab.csic.es\/es\/?s={search_term_string}\"},\"query-input\":{\"@type\":\"PropertyValueSpecification\",\"valueRequired\":true,\"valueName\":\"search_term_string\"}}],\"inLanguage\":\"es\"}]}<\/script>\n<!-- \/ Yoast SEO plugin. -->","yoast_head_json":{"title":"Teresa Buchaca Estany | CEAB","robots":{"index":"index","follow":"follow","max-snippet":"max-snippet:-1","max-image-preview":"max-image-preview:large","max-video-preview":"max-video-preview:-1"},"canonical":"https:\/\/www.ceab.csic.es\/es\/personal\/teresa-buchaca-estany\/","og_locale":"es_ES","og_type":"article","og_title":"Teresa Buchaca Estany | CEAB","og_description":"Me gradu\u00e9 en Biolog\u00eda en 1995, obtuve un M\u00e1ster en 1998 y complet\u00e9 mi doctorado en 2005 en la UB con un estudio sobre los pigmentos marcadores en lagos de alta monta\u00f1a en los Pirineos. Estos estudios contribuyeron al avance del conocimiento al identificar pigmentos marcadores como indicadores de los productores primarios, incluidos bacterias fototr\u00f3ficas,&hellip;&nbsp;Teresa Buchaca Estany","og_url":"https:\/\/www.ceab.csic.es\/es\/personal\/teresa-buchaca-estany\/","og_site_name":"CEAB","article_modified_time":"2025-02-20T08:26:43+00:00","og_image":[{"width":266,"height":335,"url":"https:\/\/www.ceab.csic.es\/wp-content\/uploads\/2011\/06\/Teresa_Buchaca.png","type":"image\/png"}],"twitter_card":"summary_large_image","twitter_site":"@ceabcsic","twitter_misc":{"Tiempo de lectura":"3 minutos"},"schema":{"@context":"https:\/\/schema.org","@graph":[{"@type":"WebPage","@id":"https:\/\/www.ceab.csic.es\/es\/personal\/teresa-buchaca-estany\/","url":"https:\/\/www.ceab.csic.es\/es\/personal\/teresa-buchaca-estany\/","name":"Teresa Buchaca Estany | CEAB","isPartOf":{"@id":"https:\/\/www.ceab.csic.es\/es\/#website"},"primaryImageOfPage":{"@id":"https:\/\/www.ceab.csic.es\/es\/personal\/teresa-buchaca-estany\/#primaryimage"},"image":{"@id":"https:\/\/www.ceab.csic.es\/es\/personal\/teresa-buchaca-estany\/#primaryimage"},"thumbnailUrl":"https:\/\/www.ceab.csic.es\/wp-content\/uploads\/2011\/06\/Teresa_Buchaca.png","datePublished":"2011-06-05T19:46:06+00:00","dateModified":"2025-02-20T08:26:43+00:00","breadcrumb":{"@id":"https:\/\/www.ceab.csic.es\/es\/personal\/teresa-buchaca-estany\/#breadcrumb"},"inLanguage":"es","potentialAction":[{"@type":"ReadAction","target":["https:\/\/www.ceab.csic.es\/es\/personal\/teresa-buchaca-estany\/"]}]},{"@type":"ImageObject","inLanguage":"es","@id":"https:\/\/www.ceab.csic.es\/es\/personal\/teresa-buchaca-estany\/#primaryimage","url":"https:\/\/www.ceab.csic.es\/wp-content\/uploads\/2011\/06\/Teresa_Buchaca.png","contentUrl":"https:\/\/www.ceab.csic.es\/wp-content\/uploads\/2011\/06\/Teresa_Buchaca.png","width":266,"height":335},{"@type":"BreadcrumbList","@id":"https:\/\/www.ceab.csic.es\/es\/personal\/teresa-buchaca-estany\/#breadcrumb","itemListElement":[{"@type":"ListItem","position":1,"name":"Inici","item":"https:\/\/www.ceab.csic.es\/es\/"},{"@type":"ListItem","position":2,"name":"Teresa Buchaca Estany"}]},{"@type":"WebSite","@id":"https:\/\/www.ceab.csic.es\/es\/#website","url":"https:\/\/www.ceab.csic.es\/es\/","name":"CEAB","description":"Centre Estudis Avan\u00e7ats de Blanes","alternateName":"CEAB","potentialAction":[{"@type":"SearchAction","target":{"@type":"EntryPoint","urlTemplate":"https:\/\/www.ceab.csic.es\/es\/?s={search_term_string}"},"query-input":{"@type":"PropertyValueSpecification","valueRequired":true,"valueName":"search_term_string"}}],"inLanguage":"es"}]}},"_links":{"self":[{"href":"https:\/\/www.ceab.csic.es\/es\/wp-json\/wp\/v2\/personal\/9809","targetHints":{"allow":["GET"]}}],"collection":[{"href":"https:\/\/www.ceab.csic.es\/es\/wp-json\/wp\/v2\/personal"}],"about":[{"href":"https:\/\/www.ceab.csic.es\/es\/wp-json\/wp\/v2\/types\/personal"}],"wp:featuredmedia":[{"embeddable":true,"href":"https:\/\/www.ceab.csic.es\/es\/wp-json\/wp\/v2\/media\/14965"}],"wp:attachment":[{"href":"https:\/\/www.ceab.csic.es\/es\/wp-json\/wp\/v2\/media?parent=9809"}],"wp:term":[{"taxonomy":"departament","embeddable":true,"href":"https:\/\/www.ceab.csic.es\/es\/wp-json\/wp\/v2\/departament?post=9809"},{"taxonomy":"grup-de-recerca","embeddable":true,"href":"https:\/\/www.ceab.csic.es\/es\/wp-json\/wp\/v2\/grup-de-recerca?post=9809"},{"taxonomy":"tipus-de-personal","embeddable":true,"href":"https:\/\/www.ceab.csic.es\/es\/wp-json\/wp\/v2\/tipus-de-personal?post=9809"}],"curies":[{"name":"wp","href":"https:\/\/api.w.org\/{rel}","templated":true}]}}

<p>Me gradué en Biología en 1995, obtuve un Máster en 1998 y completé mi doctorado en 2005 en la UB con un estudio sobre los pigmentos marcadores en lagos de alta montaña en los Pirineos. Estos estudios contribuyeron al avance del conocimiento al identificar pigmentos marcadores como indicadores de los productores primarios, incluidos bacterias fototróficas, cianobacterias y grupos de algas, así como de diversos procesos ecológicos que ocurren a diferentes escalas espacio-temporales, como la anoxia, la radiación UV, la penetración de la luz, el herbivorismo del zooplancton, la eutrofización y la fijación de nitrógeno.</p>
<p>En 2006, recibí una beca postdoctoral Beatriu de Pinós (2006-2008) en el Instituto Nacional de Investigación Ambiental (DMU, Dinamarca), donde investigué la respuesta de los organismos fotosintéticos al cambio global utilizando pigmentos marcadores como indicadores. Durante este período, participé en expediciones limnológicas en Dinamarca, el Archipiélago de las Azores y Tasmania. Los resultados obtenidos fueron relevantes para comprender los factores que modelan las comunidades acuáticas y sus respuestas a gradientes ambientales (por ejemplo, geología, clima, nutrientes, especies introducidas) utilizando un enfoque de sustitución espacio-tiempo.</p>
<p>Posteriormente, obtuve una segunda posición postdoctoral (2008-2011) en el CEAB-CSIC bajo el programa JAE-Doc, donde estudié los cambios en la composición de las comunidades de organismos fotosintéticos durante períodos de cambio climático rápido desde el último máximo glacial. Estos resultados destacaron diferencias notables en las respuestas bióticas a los forzamientos climáticos.</p>
<p>Actualmente, mi grupo de investigación en el CEAB-CSIC se centra en la biodiversidad, ecología y paleoecología de microalgas y bacterias fotoautotróficas en sistemas acuáticos. Estos organismos son componentes clave de las redes tróficas y sirven como indicadores indirectos para el estudio de los cambios ambientales a escala global. Hemos coordinado un proyecto LIFE+ Natura (LIFE13 NAT/ES/001210), dirigido a la conservación de ambientes acuáticos alpinos en los Pirineos, y recientemente hemos lanzado un segundo proyecto LIFE (LIFE20 NAT/ES/000369), ampliando los esfuerzos de conservación a los Alpes.</p>
<p>La introducción histórica de peces en lagos remotos ha creado una serie de escenarios que utilizamos como laboratorio natural para estudiar diferentes aspectos ecológicos. Nuestra investigación ha documentado los impactos de estas introducciones en la fauna y flora de los lagos, proporcionando nuevos conocimientos e hipótesis sobre el papel de las cascadas tróficas. Estos hallazgos contribuyen a mejorar las estrategias de conservación y a entender su eficacia.</p>

<!-- This site is optimized with the Yoast SEO plugin v24.6 - https://yoast.com/wordpress/plugins/seo/ -->
<title>Teresa Buchaca Estany | CEAB</title>
<meta name="robots" content="index, follow, max-snippet:-1, max-image-preview:large, max-video-preview:-1" />
<link rel="canonical" href="https://www.ceab.csic.es/es/personal/teresa-buchaca-estany/" />
<meta property="og:locale" content="es_ES" />
<meta property="og:type" content="article" />
<meta property="og:title" content="Teresa Buchaca Estany | CEAB" />
<meta property="og:description" content="Me gradué en Biología en 1995, obtuve un Máster en 1998 y completé mi doctorado en 2005 en la UB con un estudio sobre los pigmentos marcadores en lagos de alta montaña en los Pirineos. Estos estudios contribuyeron al avance del conocimiento al identificar pigmentos marcadores como indicadores de los productores primarios, incluidos bacterias fototróficas,&hellip;&nbsp;Teresa Buchaca Estany" />
<meta property="og:url" content="https://www.ceab.csic.es/es/personal/teresa-buchaca-estany/" />
<meta property="og:site_name" content="CEAB" />
<meta property="article:modified_time" content="2025-02-20T08:26:43+00:00" />
<meta property="og:image" content="https://www.ceab.csic.es/wp-content/uploads/2011/06/Teresa_Buchaca.png" />
	<meta property="og:image:width" content="266" />
	<meta property="og:image:height" content="335" />
	<meta property="og:image:type" content="image/png" />
<meta name="twitter:card" content="summary_large_image" />
<meta name="twitter:site" content="@ceabcsic" />
<meta name="twitter:label1" content="Tiempo de lectura" />
	<meta name="twitter:data1" content="3 minutos" />
<script type="application/ld+json" class="yoast-schema-graph">{"@context":"https://schema.org","@graph":[{"@type":"WebPage","@id":"https://www.ceab.csic.es/es/personal/teresa-buchaca-estany/","url":"https://www.ceab.csic.es/es/personal/teresa-buchaca-estany/","name":"Teresa Buchaca Estany | CEAB","isPartOf":{"@id":"https://www.ceab.csic.es/es/#website"},"primaryImageOfPage":{"@id":"https://www.ceab.csic.es/es/personal/teresa-buchaca-estany/#primaryimage"},"image":{"@id":"https://www.ceab.csic.es/es/personal/teresa-buchaca-estany/#primaryimage"},"thumbnailUrl":"https://www.ceab.csic.es/wp-content/uploads/2011/06/Teresa_Buchaca.png","datePublished":"2011-06-05T19:46:06+00:00","dateModified":"2025-02-20T08:26:43+00:00","breadcrumb":{"@id":"https://www.ceab.csic.es/es/personal/teresa-buchaca-estany/#breadcrumb"},"inLanguage":"es","potentialAction":[{"@type":"ReadAction","target":["https://www.ceab.csic.es/es/personal/teresa-buchaca-estany/"]}]},{"@type":"ImageObject","inLanguage":"es","@id":"https://www.ceab.csic.es/es/personal/teresa-buchaca-estany/#primaryimage","url":"https://www.ceab.csic.es/wp-content/uploads/2011/06/Teresa_Buchaca.png","contentUrl":"https://www.ceab.csic.es/wp-content/uploads/2011/06/Teresa_Buchaca.png","width":266,"height":335},{"@type":"BreadcrumbList","@id":"https://www.ceab.csic.es/es/personal/teresa-buchaca-estany/#breadcrumb","itemListElement":[{"@type":"ListItem","position":1,"name":"Inici","item":"https://www.ceab.csic.es/es/"},{"@type":"ListItem","position":2,"name":"Teresa Buchaca Estany"}]},{"@type":"WebSite","@id":"https://www.ceab.csic.es/es/#website","url":"https://www.ceab.csic.es/es/","name":"CEAB","description":"Centre Estudis Avançats de Blanes","alternateName":"CEAB","potentialAction":[{"@type":"SearchAction","target":{"@type":"EntryPoint","urlTemplate":"https://www.ceab.csic.es/es/?s={search_term_string}"},"query-input":{"@type":"PropertyValueSpecification","valueRequired":true,"valueName":"search_term_string"}}],"inLanguage":"es"}]}</script>
<!-- / Yoast SEO plugin. -->

Me gradué en Biología en 1995, obtuve un Máster en 1998 y completé mi doctorado en 2005 en la UB con un estudio sobre los pigmentos marcadores en lagos de alta montaña en los Pirineos. Estos estudios contribuyeron al avance del conocimiento al identificar pigmentos marcadores como indicadores de los productores primarios, incluidos bacterias fototróficas,&hellip;&nbsp;Teresa Buchaca Estany

Centre Estudis Avançats de Blanes
