{"id":9869,"date":"2022-08-31T06:12:51","date_gmt":"2022-08-31T04:12:51","guid":{"rendered":"https:\/\/www.ceab.csic.es\/personal\/sitja-poch-celia\/"},"modified":"2024-10-30T14:57:07","modified_gmt":"2024-10-30T13:57:07","slug":"sitja-poch-celia","status":"publish","type":"personal","link":"https:\/\/www.ceab.csic.es\/es\/personal\/sitja-poch-celia\/","title":{"rendered":"C\u00e8lia Sitj\u00e0 Poch"},"content":{"rendered":"<p>Mis principales intereses son la biodiversidad, la ecolog\u00eda y la conservaci\u00f3n de los ecosistemas bent\u00f3nicos marinos. Durante mi doctorado, me centr\u00e9 en la taxonom\u00eda y biogeograf\u00eda de las esponjas, evaluando la influencia de las corrientes marinas en los patrones de distribuci\u00f3n de las esponjas de profundidad en el Mediterr\u00e1neo y el Oc\u00e9ano Atl\u00e1ntico. Mi inter\u00e9s por la conservaci\u00f3n marina me llev\u00f3 a explorar otras comunidades bent\u00f3nicas como los bosques de macroalgas, enfoc\u00e1ndome en sus respuestas a los factores de estr\u00e9s ambiental, la conservaci\u00f3n y la restauraci\u00f3n.<\/p>\n<p>Actualmente soy gestora cient\u00edfica en Marine Forest. Act\u00fao como una figura transversal en el equipo, enlazando la investigaci\u00f3n con otras actividades como la coordinaci\u00f3n de proyectos y tareas administrativas, lo cual resulta en un enfoque enriquecedor y din\u00e1mico para mi carrera.<\/p>\n","protected":false},"featured_media":14126,"parent":0,"menu_order":0,"template":"","meta":{"_acf_changed":false,"neve_meta_sidebar":"","neve_meta_container":"","neve_meta_enable_content_width":"","neve_meta_content_width":0,"neve_meta_title_alignment":"","neve_meta_author_avatar":"","neve_post_elements_order":"","neve_meta_disable_header":"","neve_meta_disable_footer":"","neve_meta_disable_title":""},"departament":[362],"grup-de-recerca":[1223],"tipus-de-personal":[419,421],"class_list":["post-9869","personal","type-personal","status-publish","has-post-thumbnail","hentry","departament-ecologia-marina-es","grup-de-recerca-funcionamiento-de-los-ecosistemas-bentonicos","tipus-de-personal-personal-cientifico-tecnico","tipus-de-personal-tecnicos-de-proyectos"],"acf":[],"yoast_head":"<!-- This site is optimized with the Yoast SEO plugin v24.6 - https:\/\/yoast.com\/wordpress\/plugins\/seo\/ -->\n<title>C\u00e8lia Sitj\u00e0 Poch | CEAB<\/title>\n<meta name=\"robots\" content=\"index, follow, max-snippet:-1, max-image-preview:large, max-video-preview:-1\" \/>\n<link rel=\"canonical\" href=\"https:\/\/www.ceab.csic.es\/es\/personal\/sitja-poch-celia\/\" \/>\n<meta property=\"og:locale\" content=\"es_ES\" \/>\n<meta property=\"og:type\" content=\"article\" \/>\n<meta property=\"og:title\" content=\"C\u00e8lia Sitj\u00e0 Poch | CEAB\" \/>\n<meta property=\"og:description\" content=\"Mis principales intereses son la biodiversidad, la ecolog\u00eda y la conservaci\u00f3n de los ecosistemas bent\u00f3nicos marinos. Durante mi doctorado, me centr\u00e9 en la taxonom\u00eda y biogeograf\u00eda de las esponjas, evaluando la influencia de las corrientes marinas en los patrones de distribuci\u00f3n de las esponjas de profundidad en el Mediterr\u00e1neo y el Oc\u00e9ano Atl\u00e1ntico. Mi inter\u00e9s&hellip;&nbsp;C\u00e8lia Sitj\u00e0 Poch\" \/>\n<meta property=\"og:url\" content=\"https:\/\/www.ceab.csic.es\/es\/personal\/sitja-poch-celia\/\" \/>\n<meta property=\"og:site_name\" content=\"CEAB\" \/>\n<meta property=\"article:modified_time\" content=\"2024-10-30T13:57:07+00:00\" \/>\n<meta property=\"og:image\" content=\"https:\/\/www.ceab.csic.es\/wp-content\/uploads\/2022\/08\/celia-sitja.jpg\" \/>\n\t<meta property=\"og:image:width\" content=\"625\" \/>\n\t<meta property=\"og:image:height\" content=\"732\" \/>\n\t<meta property=\"og:image:type\" content=\"image\/jpeg\" \/>\n<meta name=\"twitter:card\" content=\"summary_large_image\" \/>\n<meta name=\"twitter:site\" content=\"@ceabcsic\" \/>\n<meta name=\"twitter:label1\" content=\"Tiempo de lectura\" \/>\n\t<meta name=\"twitter:data1\" content=\"1 minuto\" \/>\n<script type=\"application\/ld+json\" class=\"yoast-schema-graph\">{\"@context\":\"https:\/\/schema.org\",\"@graph\":[{\"@type\":\"WebPage\",\"@id\":\"https:\/\/www.ceab.csic.es\/es\/personal\/sitja-poch-celia\/\",\"url\":\"https:\/\/www.ceab.csic.es\/es\/personal\/sitja-poch-celia\/\",\"name\":\"C\u00e8lia Sitj\u00e0 Poch | CEAB\",\"isPartOf\":{\"@id\":\"https:\/\/www.ceab.csic.es\/es\/#website\"},\"primaryImageOfPage\":{\"@id\":\"https:\/\/www.ceab.csic.es\/es\/personal\/sitja-poch-celia\/#primaryimage\"},\"image\":{\"@id\":\"https:\/\/www.ceab.csic.es\/es\/personal\/sitja-poch-celia\/#primaryimage\"},\"thumbnailUrl\":\"https:\/\/www.ceab.csic.es\/wp-content\/uploads\/2022\/08\/celia-sitja.jpg\",\"datePublished\":\"2022-08-31T04:12:51+00:00\",\"dateModified\":\"2024-10-30T13:57:07+00:00\",\"breadcrumb\":{\"@id\":\"https:\/\/www.ceab.csic.es\/es\/personal\/sitja-poch-celia\/#breadcrumb\"},\"inLanguage\":\"es\",\"potentialAction\":[{\"@type\":\"ReadAction\",\"target\":[\"https:\/\/www.ceab.csic.es\/es\/personal\/sitja-poch-celia\/\"]}]},{\"@type\":\"ImageObject\",\"inLanguage\":\"es\",\"@id\":\"https:\/\/www.ceab.csic.es\/es\/personal\/sitja-poch-celia\/#primaryimage\",\"url\":\"https:\/\/www.ceab.csic.es\/wp-content\/uploads\/2022\/08\/celia-sitja.jpg\",\"contentUrl\":\"https:\/\/www.ceab.csic.es\/wp-content\/uploads\/2022\/08\/celia-sitja.jpg\",\"width\":625,\"height\":732},{\"@type\":\"BreadcrumbList\",\"@id\":\"https:\/\/www.ceab.csic.es\/es\/personal\/sitja-poch-celia\/#breadcrumb\",\"itemListElement\":[{\"@type\":\"ListItem\",\"position\":1,\"name\":\"Inici\",\"item\":\"https:\/\/www.ceab.csic.es\/es\/\"},{\"@type\":\"ListItem\",\"position\":2,\"name\":\"C\u00e8lia Sitj\u00e0 Poch\"}]},{\"@type\":\"WebSite\",\"@id\":\"https:\/\/www.ceab.csic.es\/es\/#website\",\"url\":\"https:\/\/www.ceab.csic.es\/es\/\",\"name\":\"CEAB\",\"description\":\"Centre Estudis Avan\u00e7ats de Blanes\",\"alternateName\":\"CEAB\",\"potentialAction\":[{\"@type\":\"SearchAction\",\"target\":{\"@type\":\"EntryPoint\",\"urlTemplate\":\"https:\/\/www.ceab.csic.es\/es\/?s={search_term_string}\"},\"query-input\":{\"@type\":\"PropertyValueSpecification\",\"valueRequired\":true,\"valueName\":\"search_term_string\"}}],\"inLanguage\":\"es\"}]}<\/script>\n<!-- \/ Yoast SEO plugin. -->","yoast_head_json":{"title":"C\u00e8lia Sitj\u00e0 Poch | CEAB","robots":{"index":"index","follow":"follow","max-snippet":"max-snippet:-1","max-image-preview":"max-image-preview:large","max-video-preview":"max-video-preview:-1"},"canonical":"https:\/\/www.ceab.csic.es\/es\/personal\/sitja-poch-celia\/","og_locale":"es_ES","og_type":"article","og_title":"C\u00e8lia Sitj\u00e0 Poch | CEAB","og_description":"Mis principales intereses son la biodiversidad, la ecolog\u00eda y la conservaci\u00f3n de los ecosistemas bent\u00f3nicos marinos. Durante mi doctorado, me centr\u00e9 en la taxonom\u00eda y biogeograf\u00eda de las esponjas, evaluando la influencia de las corrientes marinas en los patrones de distribuci\u00f3n de las esponjas de profundidad en el Mediterr\u00e1neo y el Oc\u00e9ano Atl\u00e1ntico. Mi inter\u00e9s&hellip;&nbsp;C\u00e8lia Sitj\u00e0 Poch","og_url":"https:\/\/www.ceab.csic.es\/es\/personal\/sitja-poch-celia\/","og_site_name":"CEAB","article_modified_time":"2024-10-30T13:57:07+00:00","og_image":[{"width":625,"height":732,"url":"https:\/\/www.ceab.csic.es\/wp-content\/uploads\/2022\/08\/celia-sitja.jpg","type":"image\/jpeg"}],"twitter_card":"summary_large_image","twitter_site":"@ceabcsic","twitter_misc":{"Tiempo de lectura":"1 minuto"},"schema":{"@context":"https:\/\/schema.org","@graph":[{"@type":"WebPage","@id":"https:\/\/www.ceab.csic.es\/es\/personal\/sitja-poch-celia\/","url":"https:\/\/www.ceab.csic.es\/es\/personal\/sitja-poch-celia\/","name":"C\u00e8lia Sitj\u00e0 Poch | CEAB","isPartOf":{"@id":"https:\/\/www.ceab.csic.es\/es\/#website"},"primaryImageOfPage":{"@id":"https:\/\/www.ceab.csic.es\/es\/personal\/sitja-poch-celia\/#primaryimage"},"image":{"@id":"https:\/\/www.ceab.csic.es\/es\/personal\/sitja-poch-celia\/#primaryimage"},"thumbnailUrl":"https:\/\/www.ceab.csic.es\/wp-content\/uploads\/2022\/08\/celia-sitja.jpg","datePublished":"2022-08-31T04:12:51+00:00","dateModified":"2024-10-30T13:57:07+00:00","breadcrumb":{"@id":"https:\/\/www.ceab.csic.es\/es\/personal\/sitja-poch-celia\/#breadcrumb"},"inLanguage":"es","potentialAction":[{"@type":"ReadAction","target":["https:\/\/www.ceab.csic.es\/es\/personal\/sitja-poch-celia\/"]}]},{"@type":"ImageObject","inLanguage":"es","@id":"https:\/\/www.ceab.csic.es\/es\/personal\/sitja-poch-celia\/#primaryimage","url":"https:\/\/www.ceab.csic.es\/wp-content\/uploads\/2022\/08\/celia-sitja.jpg","contentUrl":"https:\/\/www.ceab.csic.es\/wp-content\/uploads\/2022\/08\/celia-sitja.jpg","width":625,"height":732},{"@type":"BreadcrumbList","@id":"https:\/\/www.ceab.csic.es\/es\/personal\/sitja-poch-celia\/#breadcrumb","itemListElement":[{"@type":"ListItem","position":1,"name":"Inici","item":"https:\/\/www.ceab.csic.es\/es\/"},{"@type":"ListItem","position":2,"name":"C\u00e8lia Sitj\u00e0 Poch"}]},{"@type":"WebSite","@id":"https:\/\/www.ceab.csic.es\/es\/#website","url":"https:\/\/www.ceab.csic.es\/es\/","name":"CEAB","description":"Centre Estudis Avan\u00e7ats de Blanes","alternateName":"CEAB","potentialAction":[{"@type":"SearchAction","target":{"@type":"EntryPoint","urlTemplate":"https:\/\/www.ceab.csic.es\/es\/?s={search_term_string}"},"query-input":{"@type":"PropertyValueSpecification","valueRequired":true,"valueName":"search_term_string"}}],"inLanguage":"es"}]}},"_links":{"self":[{"href":"https:\/\/www.ceab.csic.es\/es\/wp-json\/wp\/v2\/personal\/9869","targetHints":{"allow":["GET"]}}],"collection":[{"href":"https:\/\/www.ceab.csic.es\/es\/wp-json\/wp\/v2\/personal"}],"about":[{"href":"https:\/\/www.ceab.csic.es\/es\/wp-json\/wp\/v2\/types\/personal"}],"wp:featuredmedia":[{"embeddable":true,"href":"https:\/\/www.ceab.csic.es\/es\/wp-json\/wp\/v2\/media\/14126"}],"wp:attachment":[{"href":"https:\/\/www.ceab.csic.es\/es\/wp-json\/wp\/v2\/media?parent=9869"}],"wp:term":[{"taxonomy":"departament","embeddable":true,"href":"https:\/\/www.ceab.csic.es\/es\/wp-json\/wp\/v2\/departament?post=9869"},{"taxonomy":"grup-de-recerca","embeddable":true,"href":"https:\/\/www.ceab.csic.es\/es\/wp-json\/wp\/v2\/grup-de-recerca?post=9869"},{"taxonomy":"tipus-de-personal","embeddable":true,"href":"https:\/\/www.ceab.csic.es\/es\/wp-json\/wp\/v2\/tipus-de-personal?post=9869"}],"curies":[{"name":"wp","href":"https:\/\/api.w.org\/{rel}","templated":true}]}}

Cèlia Sitjà Poch

<p>Mis principales intereses son la biodiversidad, la ecología y la conservación de los ecosistemas bentónicos marinos. Durante mi doctorado, me centré en la taxonomía y biogeografía de las esponjas, evaluando la influencia de las corrientes marinas en los patrones de distribución de las esponjas de profundidad en el Mediterráneo y el Océano Atlántico. Mi interés por la conservación marina me llevó a explorar otras comunidades bentónicas como los bosques de macroalgas, enfocándome en sus respuestas a los factores de estrés ambiental, la conservación y la restauración.</p>
<p>Actualmente soy gestora científica en Marine Forest. Actúo como una figura transversal en el equipo, enlazando la investigación con otras actividades como la coordinación de proyectos y tareas administrativas, lo cual resulta en un enfoque enriquecedor y dinámico para mi carrera.</p>

<!-- This site is optimized with the Yoast SEO plugin v24.6 - https://yoast.com/wordpress/plugins/seo/ -->
<title>Cèlia Sitjà Poch | CEAB</title>
<meta name="robots" content="index, follow, max-snippet:-1, max-image-preview:large, max-video-preview:-1" />
<link rel="canonical" href="https://www.ceab.csic.es/es/personal/sitja-poch-celia/" />
<meta property="og:locale" content="es_ES" />
<meta property="og:type" content="article" />
<meta property="og:title" content="Cèlia Sitjà Poch | CEAB" />
<meta property="og:description" content="Mis principales intereses son la biodiversidad, la ecología y la conservación de los ecosistemas bentónicos marinos. Durante mi doctorado, me centré en la taxonomía y biogeografía de las esponjas, evaluando la influencia de las corrientes marinas en los patrones de distribución de las esponjas de profundidad en el Mediterráneo y el Océano Atlántico. Mi interés&hellip;&nbsp;Cèlia Sitjà Poch" />
<meta property="og:url" content="https://www.ceab.csic.es/es/personal/sitja-poch-celia/" />
<meta property="og:site_name" content="CEAB" />
<meta property="article:modified_time" content="2024-10-30T13:57:07+00:00" />
<meta property="og:image" content="https://www.ceab.csic.es/wp-content/uploads/2022/08/celia-sitja.jpg" />
	<meta property="og:image:width" content="625" />
	<meta property="og:image:height" content="732" />
	<meta property="og:image:type" content="image/jpeg" />
<meta name="twitter:card" content="summary_large_image" />
<meta name="twitter:site" content="@ceabcsic" />
<meta name="twitter:label1" content="Tiempo de lectura" />
	<meta name="twitter:data1" content="1 minuto" />
<script type="application/ld+json" class="yoast-schema-graph">{"@context":"https://schema.org","@graph":[{"@type":"WebPage","@id":"https://www.ceab.csic.es/es/personal/sitja-poch-celia/","url":"https://www.ceab.csic.es/es/personal/sitja-poch-celia/","name":"Cèlia Sitjà Poch | CEAB","isPartOf":{"@id":"https://www.ceab.csic.es/es/#website"},"primaryImageOfPage":{"@id":"https://www.ceab.csic.es/es/personal/sitja-poch-celia/#primaryimage"},"image":{"@id":"https://www.ceab.csic.es/es/personal/sitja-poch-celia/#primaryimage"},"thumbnailUrl":"https://www.ceab.csic.es/wp-content/uploads/2022/08/celia-sitja.jpg","datePublished":"2022-08-31T04:12:51+00:00","dateModified":"2024-10-30T13:57:07+00:00","breadcrumb":{"@id":"https://www.ceab.csic.es/es/personal/sitja-poch-celia/#breadcrumb"},"inLanguage":"es","potentialAction":[{"@type":"ReadAction","target":["https://www.ceab.csic.es/es/personal/sitja-poch-celia/"]}]},{"@type":"ImageObject","inLanguage":"es","@id":"https://www.ceab.csic.es/es/personal/sitja-poch-celia/#primaryimage","url":"https://www.ceab.csic.es/wp-content/uploads/2022/08/celia-sitja.jpg","contentUrl":"https://www.ceab.csic.es/wp-content/uploads/2022/08/celia-sitja.jpg","width":625,"height":732},{"@type":"BreadcrumbList","@id":"https://www.ceab.csic.es/es/personal/sitja-poch-celia/#breadcrumb","itemListElement":[{"@type":"ListItem","position":1,"name":"Inici","item":"https://www.ceab.csic.es/es/"},{"@type":"ListItem","position":2,"name":"Cèlia Sitjà Poch"}]},{"@type":"WebSite","@id":"https://www.ceab.csic.es/es/#website","url":"https://www.ceab.csic.es/es/","name":"CEAB","description":"Centre Estudis Avançats de Blanes","alternateName":"CEAB","potentialAction":[{"@type":"SearchAction","target":{"@type":"EntryPoint","urlTemplate":"https://www.ceab.csic.es/es/?s={search_term_string}"},"query-input":{"@type":"PropertyValueSpecification","valueRequired":true,"valueName":"search_term_string"}}],"inLanguage":"es"}]}</script>
<!-- / Yoast SEO plugin. -->

Cèlia Sitjà Poch | CEAB

Mis principales intereses son la biodiversidad, la ecología y la conservación de los ecosistemas bentónicos marinos. Durante mi doctorado, me centré en la taxonomía y biogeografía de las esponjas, evaluando la influencia de las corrientes marinas en los patrones de distribución de las esponjas de profundidad en el Mediterráneo y el Océano Atlántico. Mi interés&hellip;&nbsp;Cèlia Sitjà Poch

Centre Estudis Avançats de Blanes
